Last updated on 2019-03-14 00:46:45 CET.
Flavor | Version | Tinstall | Tcheck | Ttotal | Status | Flags |
---|---|---|---|---|---|---|
r-devel-linux-x86_64-debian-clang | 0.4.0 | 84.03 | 48.47 | 132.50 | OK | |
r-devel-linux-x86_64-debian-gcc | 0.4.0 | 68.79 | 39.25 | 108.04 | OK | |
r-devel-linux-x86_64-fedora-clang | 0.4.0 | 204.42 | NOTE | |||
r-devel-linux-x86_64-fedora-gcc | 0.4.0 | 173.78 | OK | |||
r-devel-windows-ix86+x86_64 | 0.4.0 | 170.00 | 112.00 | 282.00 | OK | |
r-patched-linux-x86_64 | 0.4.0 | 72.96 | 45.60 | 118.56 | OK | |
r-patched-solaris-x86 | 0.4.0 | 190.20 | OK | |||
r-release-linux-x86_64 | OK | |||||
r-release-windows-ix86+x86_64 | 0.4.0 | 225.00 | 81.00 | 306.00 | OK | |
r-release-osx-x86_64 | 0.4.0 | NOTE | ||||
r-oldrel-windows-ix86+x86_64 | 0.4.0 | 219.00 | 88.00 | 307.00 | OK | |
r-oldrel-osx-x86_64 | 0.4.0 | OK |
Version: 0.4.0
Check: installed package size
Result: NOTE
installed size is 5.5Mb
sub-directories of 1Mb or more:
libs 5.2Mb
Flavors: r-devel-linux-x86_64-fedora-clang, r-release-osx-x86_64