Last updated on 2019-03-14 00:46:46 CET.
Flavor | Version | Tinstall | Tcheck | Ttotal | Status | Flags |
---|---|---|---|---|---|---|
r-devel-linux-x86_64-debian-clang | 0.1.0 | 2.88 | 31.27 | 34.15 | OK | |
r-devel-linux-x86_64-debian-gcc | 0.1.0 | 2.14 | 24.30 | 26.44 | OK | |
r-devel-linux-x86_64-fedora-clang | 0.1.0 | 40.22 | NOTE | |||
r-devel-linux-x86_64-fedora-gcc | 0.1.0 | 37.61 | NOTE | |||
r-devel-windows-ix86+x86_64 | 0.1.0 | 7.00 | 49.00 | 56.00 | OK | |
r-patched-linux-x86_64 | 0.1.0 | 1.60 | 28.92 | 30.52 | OK | |
r-patched-solaris-x86 | 0.1.0 | 57.40 | NOTE | |||
r-release-linux-x86_64 | OK | |||||
r-release-windows-ix86+x86_64 | 0.1.0 | 6.00 | 39.00 | 45.00 | OK | |
r-release-osx-x86_64 | 0.1.0 | ERROR | ||||
r-oldrel-windows-ix86+x86_64 | 0.1.0 | 6.00 | 55.00 | 61.00 | OK | |
r-oldrel-osx-x86_64 | 0.1.0 | ERROR |
Version: 0.1.0
Check: dependencies in R code
Result: NOTE
Namespaces in Imports field not imported from:
‘Rmisc’ ‘amap’ ‘fields’ ‘matrixStats’ ‘mco’ ‘miscTools’ ‘plyr’
‘reshape2’
All declared Imports should be used.
Flavors: r-devel-linux-x86_64-fedora-clang, r-devel-linux-x86_64-fedora-gcc, r-patched-solaris-x86
Version: 0.1.0
Check: package dependencies
Result: ERROR
Package required but not available: ‘doMPI’
See section ‘The DESCRIPTION file’ in the ‘Writing R Extensions’
manual.
Flavors: r-release-osx-x86_64, r-oldrel-osx-x86_64