CRAN Package Check Results for Package mongolite

Last updated on 2019-03-14 00:46:46 CET.

Flavor Version Tinstall Tcheck Ttotal Status Flags
r-devel-linux-x86_64-debian-clang 2.0.1 35.86 24.84 60.70 OK
r-devel-linux-x86_64-debian-gcc 2.0.1 25.41 20.15 45.56 OK
r-devel-linux-x86_64-fedora-clang 2.0.1 78.00 OK
r-devel-linux-x86_64-fedora-gcc 2.0.1 73.35 OK
r-devel-windows-ix86+x86_64 2.0.1 464.00 95.00 559.00 NOTE
r-patched-linux-x86_64 2.0.1 30.22 23.35 53.57 OK
r-patched-solaris-x86 2.0.1 175.90 OK
r-release-linux-x86_64 OK
r-release-windows-ix86+x86_64 2.0.1 457.00 125.00 582.00 NOTE
r-release-osx-x86_64 2.0.1 ERROR
r-oldrel-windows-ix86+x86_64 2.0.1 486.00 106.00 592.00 NOTE
r-oldrel-osx-x86_64 2.0.1 ERROR

Check Details

Version: 2.0.1
Check: installed package size
Result: NOTE
     installed size is 6.5Mb
     sub-directories of 1Mb or more:
     libs 6.3Mb
Flavors: r-devel-windows-ix86+x86_64, r-release-windows-ix86+x86_64, r-release-osx-x86_64, r-oldrel-windows-ix86+x86_64, r-oldrel-osx-x86_64

Version: 2.0.1
Check: examples
Result: ERROR
    Running examples in ‘mongolite-Ex.R’ failed
    The error most likely occurred in:
    
    > ### Name: gridfs
    > ### Title: GridFS API
    > ### Aliases: gridfs
    >
    > ### ** Examples
    >
    > # New GridFS
    > fs <- gridfs(url = "mongodb+srv://readwrite:test@cluster0-84vdt.mongodb.net/test")
    Error: No suitable servers found (`serverSelectionTryOnce` set): [TLS handshake failed: error:1416F086:SSL routines:tls_process_server_certificate:certificate verify failed calling ismaster on 'cluster0-shard-00-01-84vdt.mongodb.net:27017'] [TLS handshake failed: error:1416F086:SSL routines:tls_process_server_certificate:certificate verify failed calling ismaster on 'cluster0-shard-00-02-84vdt.mongodb.net:27017'] [TLS handshake failed: error:1416F086:SSL routines:tls_process_server_certificate:certificate
    Execution halted
Flavors: r-release-osx-x86_64, r-oldrel-osx-x86_64