Last updated on 2019-03-14 00:46:46 CET.
Flavor | Version | Tinstall | Tcheck | Ttotal | Status | Flags |
---|---|---|---|---|---|---|
r-devel-linux-x86_64-debian-clang | 0.2.1 | 3.49 | 41.63 | 45.12 | WARN | |
r-devel-linux-x86_64-debian-gcc | 0.2.1 | 3.03 | 32.50 | 35.53 | OK | |
r-devel-linux-x86_64-fedora-clang | 0.2.1 | 54.47 | OK | |||
r-devel-linux-x86_64-fedora-gcc | 0.2.1 | 51.05 | OK | |||
r-devel-windows-ix86+x86_64 | 0.2.1 | 8.00 | 53.00 | 61.00 | OK | |
r-patched-linux-x86_64 | 0.2.1 | 3.19 | 39.51 | 42.70 | OK | |
r-patched-solaris-x86 | 0.2.1 | 76.80 | OK | |||
r-release-linux-x86_64 | OK | |||||
r-release-windows-ix86+x86_64 | 0.2.1 | 9.00 | 55.00 | 64.00 | OK | |
r-release-osx-x86_64 | 0.2.1 | OK | ||||
r-oldrel-windows-ix86+x86_64 | 0.2.1 | 6.00 | 57.00 | 63.00 | OK | |
r-oldrel-osx-x86_64 | 0.2.1 | OK |
Version: 0.2.1
Check: whether package can be installed
Result: WARN
Found the following significant warnings:
Warning: unable to re-encode 'predictHVT.R' line 9
Flavor: r-devel-linux-x86_64-debian-clang