Last updated on 2019-03-14 00:46:47 CET.
Flavor | Version | Tinstall | Tcheck | Ttotal | Status | Flags |
---|---|---|---|---|---|---|
r-devel-linux-x86_64-debian-clang | 1.0-10 | 5.74 | 85.42 | 91.16 | OK | |
r-devel-linux-x86_64-debian-gcc | 1.0-10 | 3.80 | 58.40 | 62.20 | OK | |
r-devel-linux-x86_64-fedora-clang | 1.0-10 | 112.90 | OK | |||
r-devel-linux-x86_64-fedora-gcc | 1.0-10 | 106.01 | OK | |||
r-devel-windows-ix86+x86_64 | 1.0-10 | 34.00 | 193.00 | 227.00 | OK | |
r-patched-linux-x86_64 | 1.0-10 | 3.54 | 80.24 | 83.78 | OK | |
r-patched-solaris-x86 | 1.0-10 | 140.00 | OK | |||
r-release-linux-x86_64 | OK | |||||
r-release-windows-ix86+x86_64 | 1.0-10 | 16.00 | 183.00 | 199.00 | OK | |
r-release-osx-x86_64 | 1.0-10 | OK | ||||
r-oldrel-windows-ix86+x86_64 | 1.0-8 | 17.00 | 197.00 | 214.00 | OK | |
r-oldrel-osx-x86_64 | 1.0-10 | ERROR |
Version: 1.0-10
Check: whether package can be installed
Result: ERROR
Installation failed.
Flavor: r-oldrel-osx-x86_64