Last updated on 2019-03-14 00:46:47 CET.
Flavor | Version | Tinstall | Tcheck | Ttotal | Status | Flags |
---|---|---|---|---|---|---|
r-devel-linux-x86_64-debian-clang | 0.2.18 | 20.51 | 59.89 | 80.40 | OK | |
r-devel-linux-x86_64-debian-gcc | 0.2.18 | 17.86 | 46.01 | 63.87 | OK | |
r-devel-linux-x86_64-fedora-clang | 0.2.18 | 105.80 | NOTE | |||
r-devel-linux-x86_64-fedora-gcc | 0.2.18 | 98.59 | NOTE | |||
r-devel-windows-ix86+x86_64 | 0.2.18 | 45.00 | 120.00 | 165.00 | OK | |
r-patched-linux-x86_64 | 0.2.18 | 23.01 | 54.74 | 77.75 | OK | |
r-patched-solaris-x86 | 0.2.18 | 127.50 | NOTE | |||
r-release-linux-x86_64 | OK | |||||
r-release-windows-ix86+x86_64 | 0.2.18 | 58.00 | 158.00 | 216.00 | OK | |
r-release-osx-x86_64 | 0.2.18 | NOTE | ||||
r-oldrel-windows-ix86+x86_64 | 0.2.18 | 60.00 | 113.00 | 173.00 | OK | |
r-oldrel-osx-x86_64 | 0.2.18 | NOTE |
Version: 0.2.18
Check: data for non-ASCII characters
Result: NOTE
Note: found 7332 marked UTF-8 strings
Flavors: r-devel-linux-x86_64-fedora-clang, r-devel-linux-x86_64-fedora-gcc, r-patched-solaris-x86, r-release-osx-x86_64, r-oldrel-osx-x86_64