Last updated on 2019-03-14 00:46:47 CET.
Flavor | Version | Tinstall | Tcheck | Ttotal | Status | Flags |
---|---|---|---|---|---|---|
r-devel-linux-x86_64-debian-clang | 0.1.0 | 3.35 | 57.46 | 60.81 | OK | |
r-devel-linux-x86_64-debian-gcc | 0.1.0 | 2.60 | 46.12 | 48.72 | OK | |
r-devel-linux-x86_64-fedora-clang | 0.1.0 | 75.89 | NOTE | |||
r-devel-linux-x86_64-fedora-gcc | 0.1.0 | 70.57 | NOTE | |||
r-devel-windows-ix86+x86_64 | 0.1.0 | 8.00 | 432.00 | 440.00 | OK | |
r-patched-linux-x86_64 | 0.1.0 | 2.63 | 54.62 | 57.25 | OK | |
r-patched-solaris-x86 | 0.1.0 | 107.50 | NOTE | |||
r-release-linux-x86_64 | OK | |||||
r-release-windows-ix86+x86_64 | 0.1.0 | 6.00 | 391.00 | 397.00 | OK | |
r-release-osx-x86_64 | 0.1.0 | NOTE | ||||
r-oldrel-windows-ix86+x86_64 | 0.1.0 | 11.00 | 435.00 | 446.00 | OK | |
r-oldrel-osx-x86_64 | 0.1.0 | NOTE |
Version: 0.1.0
Check: dependencies in R code
Result: NOTE
Namespaces in Imports field not imported from:
‘devtools’ ‘xml2’
All declared Imports should be used.
Flavors: r-devel-linux-x86_64-fedora-clang, r-devel-linux-x86_64-fedora-gcc, r-patched-solaris-x86, r-release-osx-x86_64, r-oldrel-osx-x86_64
Version: 0.1.0
Check: data for non-ASCII characters
Result: NOTE
Note: found 318 marked UTF-8 strings
Flavors: r-devel-linux-x86_64-fedora-clang, r-devel-linux-x86_64-fedora-gcc, r-patched-solaris-x86, r-release-osx-x86_64, r-oldrel-osx-x86_64