Last updated on 2019-03-14 00:46:47 CET.
Flavor | Version | Tinstall | Tcheck | Ttotal | Status | Flags |
---|---|---|---|---|---|---|
r-devel-linux-x86_64-debian-clang | 1.0.0 | 2.50 | 29.60 | 32.10 | WARN | |
r-devel-linux-x86_64-debian-gcc | 1.0.0 | 2.11 | 23.87 | 25.98 | OK | |
r-devel-linux-x86_64-fedora-clang | 1.0.0 | 38.41 | OK | |||
r-devel-linux-x86_64-fedora-gcc | 1.0.0 | 37.24 | OK | |||
r-devel-windows-ix86+x86_64 | 1.0.0 | 6.00 | 64.00 | 70.00 | OK | |
r-patched-linux-x86_64 | 1.0.0 | 1.71 | 27.96 | 29.67 | OK | |
r-patched-solaris-x86 | 1.0.0 | 61.50 | OK | |||
r-release-linux-x86_64 | OK | |||||
r-release-windows-ix86+x86_64 | 1.0.0 | 9.00 | 68.00 | 77.00 | OK | |
r-release-osx-x86_64 | 1.0.0 | OK | ||||
r-oldrel-windows-ix86+x86_64 | 1.0.0 | 8.00 | 38.00 | 46.00 | OK | |
r-oldrel-osx-x86_64 | 1.0.0 | OK |
Version: 1.0.0
Check: whether package can be installed
Result: WARN
Found the following significant warnings:
Warning: unable to re-encode 'getLambda.R' line 7
Flavor: r-devel-linux-x86_64-debian-clang