CRAN Package Check Results for Package nowcasting

Last updated on 2019-03-14 00:46:48 CET.

Flavor Version Tinstall Tcheck Ttotal Status Flags
r-devel-linux-x86_64-debian-clang 1.0.0 8.47 65.30 73.77 WARN
r-devel-linux-x86_64-debian-gcc 1.0.0 7.06 49.96 57.02 OK
r-devel-linux-x86_64-fedora-clang 1.0.0 86.75 OK
r-devel-linux-x86_64-fedora-gcc 1.0.0 86.35 OK
r-devel-windows-ix86+x86_64 1.0.0 14.00 117.00 131.00 OK
r-patched-linux-x86_64 1.0.0 5.06 60.14 65.20 OK
r-patched-solaris-x86 1.0.0 126.30 OK
r-release-linux-x86_64 OK
r-release-windows-ix86+x86_64 1.0.0 16.00 79.00 95.00 OK
r-release-osx-x86_64 1.0.0 OK
r-oldrel-windows-ix86+x86_64 1.0.0 12.00 72.00 84.00 OK
r-oldrel-osx-x86_64 1.0.0 OK

Check Details

Version: 1.0.0
Check: whether package can be installed
Result: WARN
    Found the following significant warnings:
     Warning: unable to re-encode 'Bpanel.R' line 4
     Warning: unable to re-encode 'nowcast.R' lines 8, 22, 24
     Warning: unable to re-encode 'nowcasting.R' lines 9, 22, 24
Flavor: r-devel-linux-x86_64-debian-clang