Last updated on 2019-03-14 00:46:48 CET.
Flavor | Version | Tinstall | Tcheck | Ttotal | Status | Flags |
---|---|---|---|---|---|---|
r-devel-linux-x86_64-debian-clang | 0.5-3 | 6.56 | 43.60 | 50.16 | OK | |
r-devel-linux-x86_64-debian-gcc | 0.5-3 | 5.82 | 33.46 | 39.28 | OK | |
r-devel-linux-x86_64-fedora-clang | 0.5-3 | 61.28 | NOTE | |||
r-devel-linux-x86_64-fedora-gcc | 0.5-3 | 60.06 | NOTE | |||
r-devel-windows-ix86+x86_64 | 0.5-3 | 32.00 | 95.00 | 127.00 | OK | |
r-patched-linux-x86_64 | 0.5-3 | 6.34 | 40.40 | 46.74 | OK | |
r-patched-solaris-x86 | 0.5-3 | 88.90 | OK | |||
r-release-linux-x86_64 | OK | |||||
r-release-windows-ix86+x86_64 | 0.5-3 | 24.00 | 98.00 | 122.00 | OK | |
r-release-osx-x86_64 | 0.5-3 | OK | ||||
r-oldrel-windows-ix86+x86_64 | 0.5-3 | 21.00 | 69.00 | 90.00 | OK | |
r-oldrel-osx-x86_64 | 0.5-3 | OK |
Version: 0.5-3
Check: compiled code
Result: NOTE
File ‘npsp/libs/npsp.so’:
Found no calls to: ‘R_registerRoutines’, ‘R_useDynamicSymbols’
It is good practice to register native routines and to disable symbol
search.
See ‘Writing portable packages’ in the ‘Writing R Extensions’ manual.
Flavors: r-devel-linux-x86_64-fedora-clang, r-devel-linux-x86_64-fedora-gcc