Last updated on 2019-03-14 00:46:48 CET.
Flavor | Version | Tinstall | Tcheck | Ttotal | Status | Flags |
---|---|---|---|---|---|---|
r-devel-linux-x86_64-debian-clang | 0.1.0 | 38.32 | 80.08 | 118.40 | OK | |
r-devel-linux-x86_64-debian-gcc | 0.1.0 | 38.51 | 62.90 | 101.41 | OK | |
r-devel-linux-x86_64-fedora-clang | 0.1.0 | 160.11 | OK | |||
r-devel-linux-x86_64-fedora-gcc | 0.1.0 | 152.13 | OK | |||
r-devel-windows-ix86+x86_64 | 0.1.0 | 82.00 | 189.00 | 271.00 | OK | |
r-patched-linux-x86_64 | 0.1.0 | 39.34 | 75.88 | 115.22 | OK | |
r-patched-solaris-x86 | 0.1.0 | 210.30 | OK | |||
r-release-linux-x86_64 | OK | |||||
r-release-windows-ix86+x86_64 | 0.1.0 | 102.00 | 130.00 | 232.00 | OK | |
r-release-osx-x86_64 | 0.1.0 | OK | ||||
r-oldrel-osx-x86_64 | 0.1.0 | ERROR |
Version: 0.1.0
Check: whether package can be installed
Result: ERROR
Installation failed.
Flavor: r-oldrel-osx-x86_64