CRAN Package Check Results for Package opencpu

Last updated on 2019-03-14 00:46:48 CET.

Flavor Version Tinstall Tcheck Ttotal Status Flags
r-devel-linux-x86_64-debian-clang 2.1.1 4.75 47.46 52.21 OK
r-devel-linux-x86_64-debian-gcc 2.1.1 3.91 36.88 40.79 OK
r-devel-linux-x86_64-fedora-clang 2.1.1 65.53 NOTE
r-devel-linux-x86_64-fedora-gcc 2.1.1 60.40 NOTE
r-devel-windows-ix86+x86_64 2.1.1 13.00 57.00 70.00 NOTE
r-patched-linux-x86_64 2.1.1 4.34 43.34 47.68 OK
r-patched-solaris-x86 2.1.1 83.30 NOTE
r-release-linux-x86_64 OK
r-release-windows-ix86+x86_64 2.1.1 16.00 59.00 75.00 NOTE
r-release-osx-x86_64 2.1.1 NOTE
r-oldrel-windows-ix86+x86_64 2.1.1 15.00 54.00 69.00 NOTE
r-oldrel-osx-x86_64 2.1.1 NOTE

Check Details

Version: 2.1.1
Check: data for non-ASCII characters
Result: NOTE
     Note: found 4 marked UTF-8 strings
Flavors: r-devel-linux-x86_64-fedora-clang, r-devel-linux-x86_64-fedora-gcc, r-patched-solaris-x86, r-release-osx-x86_64, r-oldrel-osx-x86_64

Version: 2.1.1
Check: package dependencies
Result: NOTE
    Package suggested but not available for checking: 'unix'
Flavors: r-devel-windows-ix86+x86_64, r-release-windows-ix86+x86_64, r-oldrel-windows-ix86+x86_64