Last updated on 2019-03-14 00:46:48 CET.
Flavor | Version | Tinstall | Tcheck | Ttotal | Status | Flags |
---|---|---|---|---|---|---|
r-devel-linux-x86_64-debian-clang | 2.0.2 | 111.91 | 256.76 | 368.67 | OK | |
r-devel-linux-x86_64-debian-gcc | 2.0.2 | 94.88 | 201.76 | 296.64 | OK | |
r-devel-linux-x86_64-fedora-clang | 2.0.2 | 530.48 | NOTE | |||
r-devel-linux-x86_64-fedora-gcc | 2.0.2 | 493.67 | OK | |||
r-devel-windows-ix86+x86_64 | 2.0.2 | 302.00 | 474.00 | 776.00 | OK | |
r-patched-linux-x86_64 | 2.0.2 | 99.00 | 228.77 | 327.77 | OK | |
r-patched-solaris-x86 | 2.0.2 | 638.10 | OK | |||
r-release-linux-x86_64 | OK | |||||
r-release-windows-ix86+x86_64 | 2.0.2 | 412.00 | 339.00 | 751.00 | OK | |
r-release-osx-x86_64 | 2.0.2 | WARN | ||||
r-oldrel-osx-x86_64 | 2.0.2 | ERROR |
Version: 2.0.2
Check: installed package size
Result: NOTE
installed size is 6.2Mb
sub-directories of 1Mb or more:
extdata 1.8Mb
libs 3.3Mb
Flavors: r-devel-linux-x86_64-fedora-clang, r-release-osx-x86_64
Version: 2.0.2
Check: whether package can be installed
Result: WARN
Found the following significant warnings:
Warning: 'rgl_init' failed, running with rgl.useNULL = TRUE
Flavor: r-release-osx-x86_64
Version: 2.0.2
Check: whether package can be installed
Result: ERROR
Installation failed.
Flavor: r-oldrel-osx-x86_64