Last updated on 2019-03-14 00:46:48 CET.
Flavor | Version | Tinstall | Tcheck | Ttotal | Status | Flags |
---|---|---|---|---|---|---|
r-devel-linux-x86_64-debian-clang | 0.8 | 1.96 | 25.72 | 27.68 | OK | |
r-devel-linux-x86_64-debian-gcc | 0.8 | 1.54 | 20.42 | 21.96 | OK | |
r-devel-linux-x86_64-fedora-clang | 0.8 | 34.45 | OK | |||
r-devel-linux-x86_64-fedora-gcc | 0.8 | 31.57 | OK | |||
r-devel-windows-ix86+x86_64 | 0.8 | 10.00 | 54.00 | 64.00 | OK | |
r-patched-linux-x86_64 | 0.8 | 1.21 | 24.02 | 25.23 | OK | |
r-patched-solaris-x86 | 0.8 | 55.60 | OK | |||
r-release-linux-x86_64 | OK | |||||
r-release-windows-ix86+x86_64 | 0.8 | 7.00 | 42.00 | 49.00 | OK | |
r-release-osx-x86_64 | 0.8 | OK | ||||
r-oldrel-windows-ix86+x86_64 | 0.7-4 | 4.00 | 62.00 | 66.00 | OK | |
r-oldrel-osx-x86_64 | 0.8 | ERROR |
Version: 0.8
Check: whether package can be installed
Result: ERROR
Installation failed.
Flavor: r-oldrel-osx-x86_64