Last updated on 2019-03-14 00:46:49 CET.
Flavor | Version | Tinstall | Tcheck | Ttotal | Status | Flags |
---|---|---|---|---|---|---|
r-devel-linux-x86_64-debian-clang | 1.0 | 1.92 | 22.11 | 24.03 | OK | |
r-devel-linux-x86_64-debian-gcc | 1.0 | 1.56 | 18.05 | 19.61 | OK | |
r-devel-linux-x86_64-fedora-clang | 1.0 | 30.42 | OK | |||
r-devel-linux-x86_64-fedora-gcc | 1.0 | 28.59 | OK | |||
r-devel-windows-ix86+x86_64 | 1.0 | 7.00 | 51.00 | 58.00 | OK | |
r-patched-linux-x86_64 | 1.0 | 1.06 | 20.79 | 21.85 | NOTE | |
r-patched-solaris-x86 | 1.0 | 47.60 | OK | |||
r-release-linux-x86_64 | NOTE | |||||
r-release-windows-ix86+x86_64 | 1.0 | 4.00 | 39.00 | 43.00 | OK | |
r-release-osx-x86_64 | 1.0 | OK | ||||
r-oldrel-windows-ix86+x86_64 | 1.0 | 5.00 | 35.00 | 40.00 | OK | |
r-oldrel-osx-x86_64 | 1.0 | OK |
Version: 1.0
Check: DESCRIPTION meta-information
Result: NOTE
Dependence on R version ‘3.3.3’ not with patchlevel 0
Flavors: r-patched-linux-x86_64, r-release-linux-x86_64