Last updated on 2019-03-14 00:46:49 CET.
Flavor | Version | Tinstall | Tcheck | Ttotal | Status | Flags |
---|---|---|---|---|---|---|
r-devel-linux-x86_64-debian-clang | 0.1.0 | 2.67 | 26.18 | 28.85 | NOTE | |
r-devel-linux-x86_64-debian-gcc | 0.1.0 | 1.99 | 21.03 | 23.02 | NOTE | |
r-devel-linux-x86_64-fedora-clang | 0.1.0 | 35.07 | NOTE | |||
r-devel-linux-x86_64-fedora-gcc | 0.1.0 | 32.36 | NOTE | |||
r-devel-windows-ix86+x86_64 | 0.1.0 | 7.00 | 59.00 | 66.00 | NOTE | |
r-patched-linux-x86_64 | 0.1.0 | 1.73 | 24.59 | 26.32 | NOTE | |
r-patched-solaris-x86 | 0.1.0 | 55.60 | NOTE | |||
r-release-linux-x86_64 | NOTE | |||||
r-release-windows-ix86+x86_64 | 0.1.0 | 7.00 | 45.00 | 52.00 | NOTE | |
r-release-osx-x86_64 | 0.1.0 | NOTE | ||||
r-oldrel-windows-ix86+x86_64 | 0.1.0 | 7.00 | 38.00 | 45.00 | NOTE | |
r-oldrel-osx-x86_64 | 0.1.0 | NOTE |
Version: 0.1.0
Check: R code for possible problems
Result: NOTE
pairsD3: no visible global function definition for 'gray.colors'
Undefined global functions or variables:
gray.colors
Consider adding
importFrom("grDevices", "gray.colors")
to your NAMESPACE file.
Flavors: r-devel-linux-x86_64-debian-clang, r-devel-linux-x86_64-debian-gcc, r-devel-linux-x86_64-fedora-clang, r-devel-linux-x86_64-fedora-gcc, r-devel-windows-ix86+x86_64, r-patched-linux-x86_64, r-patched-solaris-x86, r-release-linux-x86_64, r-release-windows-ix86+x86_64, r-release-osx-x86_64, r-oldrel-windows-ix86+x86_64, r-oldrel-osx-x86_64