CRAN Package Check Results for Package pcadapt

Last updated on 2019-03-14 00:46:49 CET.

Flavor Version Tinstall Tcheck Ttotal Status Flags
r-devel-linux-x86_64-debian-clang 4.1.0 77.31 99.89 177.20 OK
r-devel-linux-x86_64-debian-gcc 4.1.0 63.76 75.22 138.98 OK
r-devel-linux-x86_64-fedora-clang 4.1.0 262.02 NOTE
r-devel-linux-x86_64-fedora-gcc 4.1.0 237.34 OK
r-devel-windows-ix86+x86_64 4.1.0 202.00 153.00 355.00 NOTE
r-patched-linux-x86_64 4.1.0 74.11 91.69 165.80 OK
r-patched-solaris-x86 4.1.0 252.90 NOTE
r-release-linux-x86_64 OK
r-release-windows-ix86+x86_64 4.1.0 256.00 145.00 401.00 NOTE
r-release-osx-x86_64 4.1.0 NOTE
r-oldrel-windows-ix86+x86_64 4.1.0 255.00 142.00 397.00 NOTE
r-oldrel-osx-x86_64 4.1.0 NOTE

Check Details

Version: 4.1.0
Check: installed package size
Result: NOTE
     installed size is 8.2Mb
     sub-directories of 1Mb or more:
     doc 1.9Mb
     extdata 2.7Mb
     libs 2.8Mb
Flavors: r-devel-linux-x86_64-fedora-clang, r-devel-windows-ix86+x86_64, r-patched-solaris-x86, r-release-windows-ix86+x86_64, r-release-osx-x86_64, r-oldrel-windows-ix86+x86_64, r-oldrel-osx-x86_64