CRAN Package Check Results for Package planor

Last updated on 2019-03-14 00:46:50 CET.

Flavor Version Tinstall Tcheck Ttotal Status Flags
r-devel-linux-x86_64-debian-clang 1.4-1 64.64 119.64 184.28 WARN
r-devel-linux-x86_64-debian-gcc 1.4-1 56.86 87.93 144.79 OK
r-devel-linux-x86_64-fedora-clang 1.4-1 249.99 OK
r-devel-linux-x86_64-fedora-gcc 1.4-1 239.79 OK
r-devel-windows-ix86+x86_64 1.4-1 165.00 205.00 370.00 OK
r-patched-linux-x86_64 1.4-1 60.25 112.06 172.31 OK
r-patched-solaris-x86 1.4-1 221.80 OK
r-release-linux-x86_64 OK
r-release-windows-ix86+x86_64 1.4-1 173.00 146.00 319.00 OK
r-release-osx-x86_64 1.4-1 OK
r-oldrel-windows-ix86+x86_64 1.4-1 171.00 158.00 329.00 OK
r-oldrel-osx-x86_64 1.4-1 OK

Check Details

Version: 1.4-1
Check: whether package can be installed
Result: WARN
    Found the following significant warnings:
     Warning: unable to re-encode 'designkey.R' line 220
Flavor: r-devel-linux-x86_64-debian-clang