Last updated on 2019-03-14 00:46:50 CET.
Flavor | Version | Tinstall | Tcheck | Ttotal | Status | Flags |
---|---|---|---|---|---|---|
r-devel-linux-x86_64-debian-clang | 1.5-1 | 28.02 | 106.25 | 134.27 | OK | |
r-devel-linux-x86_64-debian-gcc | 1.5-1 | 24.96 | 76.83 | 101.79 | OK | |
r-devel-linux-x86_64-fedora-clang | 1.5-1 | 161.36 | OK | |||
r-devel-linux-x86_64-fedora-gcc | 1.5-1 | 152.96 | OK | |||
r-devel-windows-ix86+x86_64 | 1.5-1 | 50.00 | 150.00 | 200.00 | OK | |
r-patched-linux-x86_64 | 1.5-1 | 21.57 | 96.57 | 118.14 | NOTE | |
r-patched-solaris-x86 | 1.5-1 | 198.10 | OK | |||
r-release-linux-x86_64 | NOTE | |||||
r-release-windows-ix86+x86_64 | 1.5-1 | 44.00 | 145.00 | 189.00 | OK | |
r-release-osx-x86_64 | 1.5-1 | OK | ||||
r-oldrel-windows-ix86+x86_64 | 1.5-1 | 10.00 | 182.00 | 192.00 | OK | |
r-oldrel-osx-x86_64 | 1.5-1 | OK |
Version: 1.5-1
Check: DESCRIPTION meta-information
Result: NOTE
Dependence on R version ‘3.3.3’ not with patchlevel 0
Flavors: r-patched-linux-x86_64, r-release-linux-x86_64