Last updated on 2019-03-14 00:46:50 CET.
Flavor | Version | Tinstall | Tcheck | Ttotal | Status | Flags |
---|---|---|---|---|---|---|
r-devel-linux-x86_64-debian-clang | 0.1.1 | 2.33 | 49.23 | 51.56 | OK | |
r-devel-linux-x86_64-debian-gcc | 0.1.1 | 2.24 | 31.81 | 34.05 | OK | |
r-devel-linux-x86_64-fedora-clang | 0.1.1 | 62.53 | NOTE | |||
r-devel-linux-x86_64-fedora-gcc | 0.1.1 | 50.99 | NOTE | |||
r-devel-windows-ix86+x86_64 | 0.1.1 | 5.00 | 81.00 | 86.00 | OK | |
r-patched-linux-x86_64 | 0.1.1 | 1.33 | 39.34 | 40.67 | OK | |
r-patched-solaris-x86 | 0.1.1 | 67.80 | WARN | |||
r-release-linux-x86_64 | OK | |||||
r-release-windows-ix86+x86_64 | 0.1.1 | 5.00 | 55.00 | 60.00 | OK | |
r-release-osx-x86_64 | 0.1.1 | WARN | ||||
r-oldrel-windows-ix86+x86_64 | 0.1.1 | 5.00 | 154.00 | 159.00 | OK | |
r-oldrel-osx-x86_64 | 0.1.1 | WARN |
Version: 0.1.1
Check: dependencies in R code
Result: NOTE
Namespace in Imports field not imported from: ‘shiny’
All declared Imports should be used.
Flavors: r-devel-linux-x86_64-fedora-clang, r-devel-linux-x86_64-fedora-gcc, r-patched-solaris-x86, r-release-osx-x86_64, r-oldrel-osx-x86_64
Version: 0.1.1
Check: data for non-ASCII characters
Result: NOTE
Note: found 62 marked UTF-8 strings
Flavors: r-devel-linux-x86_64-fedora-clang, r-devel-linux-x86_64-fedora-gcc, r-patched-solaris-x86, r-release-osx-x86_64, r-oldrel-osx-x86_64
Version: 0.1.1
Check: package dependencies
Result: NOTE
Package suggested but not available for checking: ‘enviGCMS’
Flavors: r-patched-solaris-x86, r-release-osx-x86_64
Version: 0.1.1
Check: re-building of vignette outputs
Result: WARN
Error in re-building vignettes:
...
Warning in engine$weave(file, quiet = quiet, encoding = enc) :
Pandoc (>= 1.12.3) and/or pandoc-citeproc not available. Falling back to R Markdown v1.
Quitting from lines 115-119 (globalstd.Rmd)
Error: processing vignette 'globalstd.Rmd' failed with diagnostics:
there is no package called 'enviGCMS'
Execution halted
Flavors: r-patched-solaris-x86, r-release-osx-x86_64
Version: 0.1.1
Check: re-building of vignette outputs
Result: WARN
Error in re-building vignettes:
...
Warning in engine$weave(file, quiet = quiet, encoding = enc) :
Pandoc (>= 1.12.3) and/or pandoc-citeproc not available. Falling back to R Markdown v1.
Quitting from lines 115-119 (globalstd.Rmd)
Error: processing vignette 'globalstd.Rmd' failed with diagnostics:
there is no package called 'MSnbase'
Execution halted
Flavor: r-oldrel-osx-x86_64