Last updated on 2019-03-14 00:46:50 CET.
Flavor | Version | Tinstall | Tcheck | Ttotal | Status | Flags |
---|---|---|---|---|---|---|
r-devel-linux-x86_64-debian-clang | 1.3-0 | 11.96 | 95.04 | 107.00 | OK | |
r-devel-linux-x86_64-debian-gcc | 1.3-0 | 8.93 | 74.91 | 83.84 | OK | |
r-devel-linux-x86_64-fedora-clang | 1.3-0 | 137.25 | NOTE | |||
r-devel-linux-x86_64-fedora-gcc | 1.3-0 | 124.07 | OK | |||
r-devel-windows-ix86+x86_64 | 1.3-0 | 20.00 | 93.00 | 113.00 | NOTE | |
r-patched-linux-x86_64 | 1.3-0 | 7.51 | 84.99 | 92.50 | OK | |
r-patched-solaris-x86 | 1.3-0 | 163.30 | NOTE | |||
r-release-linux-x86_64 | OK | |||||
r-release-windows-ix86+x86_64 | 1.3-0 | 17.00 | 98.00 | 115.00 | NOTE | |
r-release-osx-x86_64 | 1.3-0 | NOTE | ||||
r-oldrel-windows-ix86+x86_64 | 1.3-0 | 15.00 | 103.00 | 118.00 | NOTE | |
r-oldrel-osx-x86_64 | 1.3-0 | NOTE |
Version: 1.3-0
Check: installed package size
Result: NOTE
installed size is 5.4Mb
sub-directories of 1Mb or more:
doc 4.9Mb
Flavors: r-devel-linux-x86_64-fedora-clang, r-devel-windows-ix86+x86_64, r-patched-solaris-x86, r-release-windows-ix86+x86_64, r-release-osx-x86_64, r-oldrel-windows-ix86+x86_64, r-oldrel-osx-x86_64