CRAN Package Check Results for Package powdist

Last updated on 2019-03-14 00:46:50 CET.

Flavor Version Tinstall Tcheck Ttotal Status Flags
r-devel-linux-x86_64-debian-clang 0.1.4 3.37 27.31 30.68 WARN
r-devel-linux-x86_64-debian-gcc 0.1.4 2.84 21.48 24.32 OK
r-devel-linux-x86_64-fedora-clang 0.1.4 37.34 OK
r-devel-linux-x86_64-fedora-gcc 0.1.4 33.80 OK
r-devel-windows-ix86+x86_64 0.1.4 13.00 50.00 63.00 OK
r-patched-linux-x86_64 0.1.4 2.48 24.99 27.47 OK
r-patched-solaris-x86 0.1.4 52.30 OK
r-release-linux-x86_64 OK
r-release-windows-ix86+x86_64 0.1.4 9.00 47.00 56.00 OK
r-release-osx-x86_64 0.1.4 OK
r-oldrel-windows-ix86+x86_64 0.1.4 4.00 35.00 39.00 OK
r-oldrel-osx-x86_64 0.1.4 OK

Check Details

Version: 0.1.4
Check: whether package can be installed
Result: WARN
    Found the following significant warnings:
     Warning: unable to re-encode 'dpnorm.R' lines 15, 16, 17
     Warning: unable to re-encode 'drpnorm.R' line 15
Flavor: r-devel-linux-x86_64-debian-clang