CRAN Package Check Results for Package quadmesh

Last updated on 2019-03-14 00:46:51 CET.

Flavor Version Tinstall Tcheck Ttotal Status Flags
r-devel-linux-x86_64-debian-clang 0.3.0 8.15 97.42 105.57 OK
r-devel-linux-x86_64-debian-gcc 0.3.0 7.75 78.55 86.30 OK
r-devel-linux-x86_64-fedora-clang 0.3.0 133.33 OK
r-devel-linux-x86_64-fedora-gcc 0.3.0 125.57 OK
r-devel-windows-ix86+x86_64 0.3.0 16.00 143.00 159.00 OK
r-patched-linux-x86_64 0.3.0 6.58 89.22 95.80 OK
r-patched-solaris-x86 0.3.0 161.80 WARN
r-release-linux-x86_64 OK
r-release-windows-ix86+x86_64 0.3.0 11.00 158.00 169.00 OK
r-release-osx-x86_64 0.3.0 WARN
r-oldrel-windows-ix86+x86_64 0.3.0 14.00 112.00 126.00 OK
r-oldrel-osx-x86_64 0.3.0 WARN

Check Details

Version: 0.3.0
Check: re-building of vignette outputs
Result: WARN
    Error in re-building vignettes:
     ...
    Warning in engine$weave(file, quiet = quiet, encoding = enc) :
     Pandoc (>= 1.12.3) and/or pandoc-citeproc not available. Falling back to R Markdown v1.
    Quitting from lines 20-35 (quadmesh.Rmd)
    Error: processing vignette 'quadmesh.Rmd' failed with diagnostics:
    cannot open the connection
    Execution halted
Flavors: r-patched-solaris-x86, r-release-osx-x86_64, r-oldrel-osx-x86_64