Last updated on 2019-03-14 00:46:53 CET.
Flavor | Version | Tinstall | Tcheck | Ttotal | Status | Flags |
---|---|---|---|---|---|---|
r-devel-linux-x86_64-debian-clang | 0.0.0 | 2.17 | 25.36 | 27.53 | NOTE | |
r-devel-linux-x86_64-debian-gcc | 0.0.0 | 2.07 | 20.55 | 22.62 | NOTE | |
r-devel-linux-x86_64-fedora-clang | 0.0.0 | 34.31 | NOTE | |||
r-devel-linux-x86_64-fedora-gcc | 0.0.0 | 32.30 | NOTE | |||
r-devel-windows-ix86+x86_64 | 0.0.0 | 9.00 | 50.00 | 59.00 | NOTE | |
r-patched-linux-x86_64 | 0.0.0 | 1.41 | 23.75 | 25.16 | NOTE | |
r-patched-solaris-x86 | 0.0.0 | 52.00 | NOTE | |||
r-release-linux-x86_64 | NOTE | |||||
r-release-windows-ix86+x86_64 | 0.0.0 | 3.00 | 36.00 | 39.00 | NOTE | |
r-release-osx-x86_64 | 0.0.0 | NOTE | ||||
r-oldrel-windows-ix86+x86_64 | 0.0.0 | 5.00 | 33.00 | 38.00 | NOTE | |
r-oldrel-osx-x86_64 | 0.0.0 | NOTE |
Version: 0.0.0
Check: R code for possible problems
Result: NOTE
FDSNGetTimeSeries: no visible global function definition for
'download.file'
Undefined global functions or variables:
download.file
Consider adding
importFrom("utils", "download.file")
to your NAMESPACE file.
Flavors: r-devel-linux-x86_64-debian-clang, r-devel-linux-x86_64-debian-gcc, r-devel-linux-x86_64-fedora-clang, r-devel-linux-x86_64-fedora-gcc, r-devel-windows-ix86+x86_64, r-patched-linux-x86_64, r-patched-solaris-x86, r-release-linux-x86_64, r-release-windows-ix86+x86_64, r-release-osx-x86_64, r-oldrel-windows-ix86+x86_64, r-oldrel-osx-x86_64