Last updated on 2019-03-14 00:46:55 CET.
Flavor | Version | Tinstall | Tcheck | Ttotal | Status | Flags |
---|---|---|---|---|---|---|
r-devel-linux-x86_64-debian-clang | 1.3 | 60.56 | 50.76 | 111.32 | NOTE | |
r-devel-linux-x86_64-debian-gcc | 1.3 | 47.34 | 48.90 | 96.24 | NOTE | |
r-devel-linux-x86_64-fedora-clang | 1.3 | 179.14 | NOTE | |||
r-devel-linux-x86_64-fedora-gcc | 1.3 | 159.24 | NOTE | |||
r-devel-windows-ix86+x86_64 | 1.3 | 136.00 | 113.00 | 249.00 | NOTE | |
r-patched-linux-x86_64 | 1.3 | 57.19 | 45.39 | 102.58 | NOTE | |
r-patched-solaris-x86 | 1.3 | 174.20 | NOTE | |||
r-release-linux-x86_64 | NOTE | |||||
r-release-windows-ix86+x86_64 | 1.3 | 194.00 | 83.00 | 277.00 | NOTE | |
r-release-osx-x86_64 | 1.3 | NOTE | ||||
r-oldrel-windows-ix86+x86_64 | 1.3 | 180.00 | 107.00 | 287.00 | NOTE | |
r-oldrel-osx-x86_64 | 1.3 | NOTE |
Version: 1.3
Check: for GNU extensions in Makefiles
Result: NOTE
GNU make is a SystemRequirements.
Flavors: r-devel-linux-x86_64-debian-clang, r-devel-linux-x86_64-debian-gcc, r-devel-linux-x86_64-fedora-clang, r-devel-linux-x86_64-fedora-gcc, r-devel-windows-ix86+x86_64, r-patched-linux-x86_64, r-patched-solaris-x86, r-release-linux-x86_64, r-release-windows-ix86+x86_64, r-release-osx-x86_64, r-oldrel-windows-ix86+x86_64, r-oldrel-osx-x86_64