CRAN Package Check Results for Package rWBclimate

Last updated on 2019-03-14 00:46:55 CET.

Flavor Version Tinstall Tcheck Ttotal Status Flags
r-devel-linux-x86_64-debian-clang 0.1.3 5.17 49.84 55.01 NOTE
r-devel-linux-x86_64-debian-gcc 0.1.3 5.41 42.06 47.47 NOTE
r-devel-linux-x86_64-fedora-clang 0.1.3 69.60 NOTE
r-devel-linux-x86_64-fedora-gcc 0.1.3 64.69 NOTE
r-devel-windows-ix86+x86_64 0.1.3 15.00 79.00 94.00 NOTE
r-patched-linux-x86_64 0.1.3 3.04 45.96 49.00 NOTE
r-patched-solaris-x86 0.1.3 101.40 NOTE
r-release-linux-x86_64 NOTE
r-release-windows-ix86+x86_64 0.1.3 12.00 61.00 73.00 NOTE
r-release-osx-x86_64 0.1.3 NOTE
r-oldrel-windows-ix86+x86_64 0.1.3 11.00 58.00 69.00 NOTE
r-oldrel-osx-x86_64 0.1.3 NOTE

Check Details

Version: 0.1.3
Check: R code for possible problems
Result: NOTE
    check_ISO_code: no visible binding for global variable 'NoAm_country'
    check_ISO_code: no visible binding for global variable 'SoAm_country'
    check_ISO_code: no visible binding for global variable 'Oceana_country'
    check_ISO_code: no visible binding for global variable 'Africa_country'
    check_ISO_code: no visible binding for global variable 'Asia_country'
    check_ISO_code: no visible binding for global variable 'Eur_country'
    climate_map: no visible binding for global variable 'data'
    date_correct: no visible global function definition for 'tail'
    Undefined global functions or variables:
     Africa_country Asia_country Eur_country NoAm_country Oceana_country
     SoAm_country data tail
    Consider adding
     importFrom("utils", "data", "tail")
    to your NAMESPACE file.
Flavors: r-devel-linux-x86_64-debian-clang, r-devel-linux-x86_64-debian-gcc, r-devel-linux-x86_64-fedora-clang, r-devel-linux-x86_64-fedora-gcc, r-devel-windows-ix86+x86_64, r-patched-linux-x86_64, r-patched-solaris-x86, r-release-linux-x86_64, r-release-windows-ix86+x86_64, r-release-osx-x86_64, r-oldrel-windows-ix86+x86_64, r-oldrel-osx-x86_64