Last updated on 2019-03-14 00:46:55 CET.
Flavor | Version | Tinstall | Tcheck | Ttotal | Status | Flags |
---|---|---|---|---|---|---|
r-devel-linux-x86_64-debian-clang | 0.1.1 | 5.90 | 59.22 | 65.12 | WARN | |
r-devel-linux-x86_64-debian-gcc | 0.1.1 | 5.10 | 47.23 | 52.33 | OK | |
r-devel-linux-x86_64-fedora-clang | 0.1.1 | 78.54 | OK | |||
r-devel-linux-x86_64-fedora-gcc | 0.1.1 | 74.93 | OK | |||
r-devel-windows-ix86+x86_64 | 0.1.1 | 14.00 | 92.00 | 106.00 | OK | |
r-patched-linux-x86_64 | 0.1.1 | 3.43 | 56.93 | 60.36 | OK | |
r-patched-solaris-x86 | 0.1.1 | 123.60 | OK | |||
r-release-linux-x86_64 | OK | |||||
r-release-windows-ix86+x86_64 | 0.1.1 | 9.00 | 82.00 | 91.00 | OK | |
r-release-osx-x86_64 | 0.1.1 | OK | ||||
r-oldrel-windows-ix86+x86_64 | 0.1.1 | 9.00 | 67.00 | 76.00 | OK | |
r-oldrel-osx-x86_64 | 0.1.1 | OK |
Version: 0.1.1
Check: whether package can be installed
Result: WARN
Found the following significant warnings:
Warning: unable to re-encode 'rPsuedoWishart.R' line 5
Warning: unable to re-encode 'rSingularWishart.R' line 5
Flavor: r-devel-linux-x86_64-debian-clang