CRAN Package Check Results for Package randomNames

Last updated on 2019-03-14 00:46:52 CET.

Flavor Version Tinstall Tcheck Ttotal Status Flags
r-devel-linux-x86_64-debian-clang 1.4-0.0 4.05 30.59 34.64 OK
r-devel-linux-x86_64-debian-gcc 1.4-0.0 3.51 23.61 27.12 OK
r-devel-linux-x86_64-fedora-clang 1.4-0.0 40.75 OK
r-devel-linux-x86_64-fedora-gcc 1.4-0.0 37.61 OK
r-devel-windows-ix86+x86_64 1.4-0.0 12.00 56.00 68.00 OK
r-patched-linux-x86_64 1.4-0.0 3.09 27.67 30.76 OK
r-patched-solaris-x86 1.4-0.0 55.40 WARN
r-release-linux-x86_64 OK
r-release-windows-ix86+x86_64 1.4-0.0 7.00 39.00 46.00 OK
r-release-osx-x86_64 1.4-0.0 WARN
r-oldrel-windows-ix86+x86_64 1.4-0.0 9.00 56.00 65.00 OK
r-oldrel-osx-x86_64 1.4-0.0 WARN

Check Details

Version: 1.4-0.0
Check: re-building of vignette outputs
Result: WARN
    Error in re-building vignettes:
     ...
    Warning in engine$weave(file, quiet = quiet, encoding = enc) :
     Pandoc (>= 1.12.3) and/or pandoc-citeproc not available. Falling back to R Markdown v1.
    Quitting from lines 13-26 (randomNames.Rmd)
    Error: processing vignette 'randomNames.Rmd' failed with diagnostics:
    argument is of length zero
    Execution halted
Flavors: r-patched-solaris-x86, r-release-osx-x86_64, r-oldrel-osx-x86_64