CRAN Package Check Results for Package readr

Last updated on 2019-03-14 00:46:53 CET.

Flavor Version Tinstall Tcheck Ttotal Status Flags
r-devel-linux-x86_64-debian-clang 1.3.1 211.25 55.93 267.18 NOTE
r-devel-linux-x86_64-debian-gcc 1.3.1 183.14 43.51 226.65 NOTE
r-devel-linux-x86_64-fedora-clang 1.3.1 420.76 NOTE
r-devel-linux-x86_64-fedora-gcc 1.3.1 402.24 NOTE
r-devel-windows-ix86+x86_64 1.3.1 520.00 110.00 630.00 NOTE
r-patched-linux-x86_64 1.3.1 214.42 51.60 266.02 NOTE
r-patched-solaris-x86 1.3.1 491.30 NOTE
r-release-linux-x86_64 NOTE
r-release-windows-ix86+x86_64 1.3.1 844.00 140.00 984.00 NOTE
r-release-osx-x86_64 1.3.1 NOTE
r-oldrel-windows-ix86+x86_64 1.3.1 739.00 113.00 852.00 NOTE
r-oldrel-osx-x86_64 1.3.1 NOTE

Additional issues

valgrind

Check Details

Version: 1.3.1
Check: for GNU extensions in Makefiles
Result: NOTE
    GNU make is a SystemRequirements.
Flavors: r-devel-linux-x86_64-debian-clang, r-devel-linux-x86_64-debian-gcc, r-devel-linux-x86_64-fedora-clang, r-devel-linux-x86_64-fedora-gcc, r-devel-windows-ix86+x86_64, r-patched-linux-x86_64, r-patched-solaris-x86, r-release-linux-x86_64, r-release-windows-ix86+x86_64, r-release-osx-x86_64, r-oldrel-windows-ix86+x86_64, r-oldrel-osx-x86_64

Version: 1.3.1
Check: installed package size
Result: NOTE
     installed size is 11.1Mb
     sub-directories of 1Mb or more:
     libs 10.3Mb
Flavor: r-devel-linux-x86_64-fedora-clang