CRAN Package Check Results for Package remote

Last updated on 2019-03-14 00:46:53 CET.

Flavor Version Tinstall Tcheck Ttotal Status Flags
r-devel-linux-x86_64-debian-clang 1.2.1 26.56 105.09 131.65 OK
r-devel-linux-x86_64-debian-gcc 1.2.1 21.47 85.78 107.25 OK
r-devel-linux-x86_64-fedora-clang 1.2.1 164.04 NOTE
r-devel-linux-x86_64-fedora-gcc 1.2.1 157.08 NOTE
r-devel-windows-ix86+x86_64 1.2.1 56.00 215.00 271.00 OK
r-patched-linux-x86_64 1.2.1 21.57 100.29 121.86 OK
r-patched-solaris-x86 1.2.1 244.50 OK
r-release-linux-x86_64 OK
r-release-windows-ix86+x86_64 1.2.1 71.00 230.00 301.00 OK
r-release-osx-x86_64 1.2.1 OK
r-oldrel-windows-ix86+x86_64 1.2.1 60.00 180.00 240.00 OK
r-oldrel-osx-x86_64 1.2.1 OK

Check Details

Version: 1.2.1
Check: compiled code
Result: NOTE
    File ‘remote/libs/remote.so’:
     Found no calls to: ‘R_registerRoutines’, ‘R_useDynamicSymbols’
    
    It is good practice to register native routines and to disable symbol
    search.
    
    See ‘Writing portable packages’ in the ‘Writing R Extensions’ manual.
Flavors: r-devel-linux-x86_64-fedora-clang, r-devel-linux-x86_64-fedora-gcc