Last updated on 2019-03-14 00:46:53 CET.
Flavor | Version | Tinstall | Tcheck | Ttotal | Status | Flags |
---|---|---|---|---|---|---|
r-devel-linux-x86_64-debian-clang | 0.19.2 | 3.10 | 32.69 | 35.79 | WARN | |
r-devel-linux-x86_64-debian-gcc | 0.19.2 | 2.80 | 48.92 | 51.72 | OK | |
r-devel-linux-x86_64-fedora-clang | 0.19.2 | 76.93 | OK | |||
r-devel-linux-x86_64-fedora-gcc | 0.19.2 | 72.60 | OK | |||
r-devel-windows-ix86+x86_64 | 0.19.2 | 9.00 | 62.00 | 71.00 | OK | |
r-patched-linux-x86_64 | 0.19.2 | 2.10 | 30.77 | 32.87 | OK | |
r-patched-solaris-x86 | 0.19.2 | 69.30 | OK | |||
r-release-linux-x86_64 | OK | |||||
r-release-windows-ix86+x86_64 | 0.19.2 | 6.00 | 71.00 | 77.00 | OK | |
r-release-osx-x86_64 | 0.19.2 | OK | ||||
r-oldrel-windows-ix86+x86_64 | 0.19.2 | 9.00 | 47.00 | 56.00 | OK | |
r-oldrel-osx-x86_64 | 0.19.2 | OK |
Version: 0.19.2
Check: whether package can be installed
Result: WARN
Found the following significant warnings:
Warning: unable to re-encode 'options.r' line 5
Warning: unable to re-encode 'repr_help_files_with_topic.r' line 13
Warning: unable to re-encode 'repr_matrix_df.r' line 209
Flavor: r-devel-linux-x86_64-debian-clang