Last updated on 2019-03-14 00:46:53 CET.
Flavor | Version | Tinstall | Tcheck | Ttotal | Status | Flags |
---|---|---|---|---|---|---|
r-devel-linux-x86_64-debian-clang | 0.3.7 | 4.13 | 46.37 | 50.50 | NOTE | |
r-devel-linux-x86_64-debian-gcc | 0.3.7 | 3.82 | 37.20 | 41.02 | NOTE | |
r-devel-linux-x86_64-fedora-clang | 0.3.7 | 61.98 | NOTE | |||
r-devel-linux-x86_64-fedora-gcc | 0.3.7 | 57.90 | NOTE | |||
r-devel-windows-ix86+x86_64 | 0.3.7 | 15.00 | 99.00 | 114.00 | NOTE | |
r-patched-linux-x86_64 | 0.3.7 | 3.30 | 43.43 | 46.73 | NOTE | |
r-patched-solaris-x86 | 0.3.7 | 88.30 | NOTE | |||
r-release-linux-x86_64 | NOTE | |||||
r-release-windows-ix86+x86_64 | 0.3.7 | 16.00 | 98.00 | 114.00 | NOTE | |
r-release-osx-x86_64 | 0.3.7 | NOTE | ||||
r-oldrel-windows-ix86+x86_64 | 0.3.7 | 10.00 | 60.00 | 70.00 | NOTE | |
r-oldrel-osx-x86_64 | 0.3.7 | NOTE |
Version: 0.3.7
Check: R code for possible problems
Result: NOTE
fs_author_ids : <anonymous>: no visible global function definition for
'select.list'
fs_download : <anonymous>: no visible global function definition for
'download.file'
Undefined global functions or variables:
download.file select.list
Consider adding
importFrom("utils", "download.file", "select.list")
to your NAMESPACE file.
Flavors: r-devel-linux-x86_64-debian-clang, r-devel-linux-x86_64-debian-gcc, r-devel-linux-x86_64-fedora-clang, r-devel-linux-x86_64-fedora-gcc, r-devel-windows-ix86+x86_64, r-patched-linux-x86_64, r-patched-solaris-x86, r-release-linux-x86_64, r-release-windows-ix86+x86_64, r-release-osx-x86_64, r-oldrel-windows-ix86+x86_64, r-oldrel-osx-x86_64