CRAN Package Check Results for Package rgeolocate

Last updated on 2019-03-14 00:46:53 CET.

Flavor Version Tinstall Tcheck Ttotal Status Flags
r-devel-linux-x86_64-debian-clang 1.0.1 39.34 25.79 65.13 OK
r-devel-linux-x86_64-debian-gcc 1.0.1 31.47 23.17 54.64 OK
r-devel-linux-x86_64-fedora-clang 1.0.1 97.99 NOTE
r-devel-linux-x86_64-fedora-gcc 1.0.1 92.62 OK
r-devel-windows-ix86+x86_64 1.0.1 105.00 87.00 192.00 NOTE
r-patched-linux-x86_64 1.0.1 40.15 24.06 64.21 OK
r-patched-solaris-x86 1.0.1 98.30 OK
r-release-linux-x86_64 OK
r-release-windows-ix86+x86_64 1.0.1 117.00 81.00 198.00 NOTE
r-release-osx-x86_64 1.0.1 ERROR
r-oldrel-windows-ix86+x86_64 1.0.1 115.00 58.00 173.00 NOTE
r-oldrel-osx-x86_64 1.0.1 ERROR

Additional issues

clang-UBSAN gcc-UBSAN

Check Details

Version: 1.0.1
Check: installed package size
Result: NOTE
     installed size is 5.3Mb
     sub-directories of 1Mb or more:
     extdata 3.5Mb
     libs 1.7Mb
Flavors: r-devel-linux-x86_64-fedora-clang, r-devel-windows-ix86+x86_64, r-release-windows-ix86+x86_64, r-release-osx-x86_64, r-oldrel-windows-ix86+x86_64

Version: 1.0.1
Check: tests
Result: ERROR
     Running ‘testthat.R’ [1s/2s]
    Running the tests in ‘tests/testthat.R’ failed.
    Last 13 lines of output:
     > library(testthat)
     > library(rgeolocate)
     >
     > test_check("rgeolocate")
     ── 1. Failure: non-existent files are detected (@test_maxmind.R#3) ────────────
     `x` threw an error with unexpected message.
     Expected match: "could not be opened"
     Actual message: "c++ exception (unknown reason)"
    
     ══ testthat results ═══════════════════════════════════════════════════════════
     OK: 51 SKIPPED: 0 FAILED: 1
     1. Failure: non-existent files are detected (@test_maxmind.R#3)
    
     Error: testthat unit tests failed
     Execution halted
Flavor: r-release-osx-x86_64

Version: 1.0.1
Check: whether package can be installed
Result: ERROR
    Installation failed.
Flavor: r-oldrel-osx-x86_64