CRAN Package Check Results for Package rijkspalette

Last updated on 2019-03-14 00:46:54 CET.

Flavor Version Tinstall Tcheck Ttotal Status Flags
r-devel-linux-x86_64-debian-clang 1.0.1 1.47 18.87 20.34 OK
r-devel-linux-x86_64-debian-gcc 1.0.1 1.35 15.45 16.80 OK
r-devel-linux-x86_64-fedora-clang 1.0.1 24.68 NOTE
r-devel-linux-x86_64-fedora-gcc 1.0.1 23.73 NOTE
r-devel-windows-ix86+x86_64 1.0.1 4.00 41.00 45.00 OK
r-patched-linux-x86_64 1.0.1 0.97 17.86 18.83 OK
r-patched-solaris-x86 1.0.1 40.60 NOTE
r-release-linux-x86_64 OK
r-release-windows-ix86+x86_64 1.0.1 5.00 47.00 52.00 OK
r-release-osx-x86_64 1.0.1 NOTE
r-oldrel-windows-ix86+x86_64 1.0.1 5.00 31.00 36.00 OK
r-oldrel-osx-x86_64 1.0.1 NOTE

Check Details

Version: 1.0.1
Check: dependencies in R code
Result: NOTE
    Namespace in Imports field not imported from: ‘curl’
     All declared Imports should be used.
Flavors: r-devel-linux-x86_64-fedora-clang, r-devel-linux-x86_64-fedora-gcc, r-patched-solaris-x86, r-release-osx-x86_64, r-oldrel-osx-x86_64