Last updated on 2019-03-14 00:46:54 CET.
Flavor | Version | Tinstall | Tcheck | Ttotal | Status | Flags |
---|---|---|---|---|---|---|
r-devel-linux-x86_64-debian-clang | 2019.01.29 | 162.68 | 411.78 | 574.46 | OK | |
r-devel-linux-x86_64-debian-gcc | 2019.01.29 | 127.46 | 413.32 | 540.78 | OK | |
r-devel-linux-x86_64-fedora-clang | 2019.01.29 | 497.35 | NOTE | |||
r-devel-linux-x86_64-fedora-gcc | 2019.01.29 | 465.84 | OK | |||
r-devel-windows-ix86+x86_64 | 2019.01.29 | 287.00 | 647.00 | 934.00 | OK | |
r-patched-linux-x86_64 | 2019.01.29 | 149.45 | 430.22 | 579.67 | OK | |
r-patched-solaris-x86 | 2019.01.29 | 655.50 | OK | |||
r-release-linux-x86_64 | OK | |||||
r-release-windows-ix86+x86_64 | 2019.01.29 | 398.00 | 587.00 | 985.00 | OK | |
r-release-osx-x86_64 | 2019.01.29 | NOTE | ||||
r-oldrel-windows-ix86+x86_64 | 2019.01.29 | 354.00 | 581.00 | 935.00 | OK | |
r-oldrel-osx-x86_64 | 2019.01.29 | NOTE |
Version: 2019.01.29
Check: installed package size
Result: NOTE
installed size is 7.5Mb
sub-directories of 1Mb or more:
libs 6.4Mb
Flavors: r-devel-linux-x86_64-fedora-clang, r-release-osx-x86_64, r-oldrel-osx-x86_64