Last updated on 2019-03-14 00:46:54 CET.
Flavor | Version | Tinstall | Tcheck | Ttotal | Status | Flags |
---|---|---|---|---|---|---|
r-devel-linux-x86_64-debian-clang | 1.3.1 | 118.70 | 31.50 | 150.20 | OK | |
r-devel-linux-x86_64-debian-gcc | 1.3.1 | 97.14 | 25.10 | 122.24 | OK | |
r-devel-linux-x86_64-fedora-clang | 1.3.1 | 239.85 | NOTE | |||
r-devel-linux-x86_64-fedora-gcc | 1.3.1 | 210.89 | NOTE | |||
r-devel-windows-ix86+x86_64 | 1.3.1 | 379.00 | 104.00 | 483.00 | OK | |
r-patched-linux-x86_64 | 1.3.1 | 111.02 | 29.60 | 140.62 | OK | |
r-patched-solaris-x86 | 1.3.1 | 222.60 | NOTE | |||
r-release-linux-x86_64 | OK | |||||
r-release-windows-ix86+x86_64 | 1.3.1 | 416.00 | 103.00 | 519.00 | OK | |
r-release-osx-x86_64 | 1.3.1 | NOTE | ||||
r-oldrel-windows-ix86+x86_64 | 1.3.1 | 398.00 | 77.00 | 475.00 | OK | |
r-oldrel-osx-x86_64 | 1.3.1 | NOTE |
Version: 1.3.1
Check: installed package size
Result: NOTE
installed size is 8.9Mb
sub-directories of 1Mb or more:
libs 8.2Mb
Flavors: r-devel-linux-x86_64-fedora-clang, r-release-osx-x86_64, r-oldrel-osx-x86_64
Version: 1.3.1
Check: dependencies in R code
Result: NOTE
Namespace in Imports field not imported from: ‘rgeos’
All declared Imports should be used.
Flavors: r-devel-linux-x86_64-fedora-clang, r-devel-linux-x86_64-fedora-gcc, r-patched-solaris-x86, r-release-osx-x86_64, r-oldrel-osx-x86_64