CRAN Package Check Results for Package rmytarget

Last updated on 2019-03-14 00:46:54 CET.

Flavor Version Tinstall Tcheck Ttotal Status Flags
r-devel-linux-x86_64-debian-clang 2.1.4 4.16 39.63 43.79 OK
r-devel-linux-x86_64-debian-gcc 2.1.6 3.25 31.64 34.89 OK
r-devel-linux-x86_64-fedora-clang 2.1.6 55.21 OK
r-devel-linux-x86_64-fedora-gcc 2.1.6 52.15 OK
r-devel-windows-ix86+x86_64 2.1.6 3.00 7.00 10.00 ERROR
r-patched-linux-x86_64 2.1.4 2.80 35.95 38.75 OK
r-patched-solaris-x86 2.1.6 72.80 OK
r-release-linux-x86_64 OK
r-release-windows-ix86+x86_64 2.1.4 8.00 75.00 83.00 OK
r-release-osx-x86_64 2.1.4 OK
r-oldrel-osx-x86_64 2.1.4 ERROR

Check Details

Version: 2.1.6
Check: whether package can be installed
Result: ERROR
    Installation failed.
Flavor: r-devel-windows-ix86+x86_64

Version: 2.1.4
Check: whether package can be installed
Result: ERROR
    Installation failed.
Flavor: r-oldrel-osx-x86_64