Last updated on 2019-03-14 00:46:54 CET.
Flavor | Version | Tinstall | Tcheck | Ttotal | Status | Flags |
---|---|---|---|---|---|---|
r-devel-linux-x86_64-debian-clang | 0.1.0 | 5.20 | 50.18 | 55.38 | NOTE | |
r-devel-linux-x86_64-debian-gcc | 0.1.0 | 4.91 | 44.51 | 49.42 | NOTE | |
r-devel-linux-x86_64-fedora-clang | 0.1.0 | 71.17 | NOTE | |||
r-devel-linux-x86_64-fedora-gcc | 0.1.0 | 68.25 | NOTE | |||
r-devel-windows-ix86+x86_64 | 0.1.0 | 12.00 | 90.00 | 102.00 | NOTE | |
r-patched-linux-x86_64 | 0.1.0 | 2.86 | 46.28 | 49.14 | NOTE | |
r-patched-solaris-x86 | 0.1.0 | 121.30 | NOTE | |||
r-release-linux-x86_64 | NOTE | |||||
r-release-windows-ix86+x86_64 | 0.1.0 | 8.00 | 87.00 | 95.00 | NOTE | |
r-release-osx-x86_64 | 0.1.0 | NOTE | ||||
r-oldrel-windows-ix86+x86_64 | 0.1.0 | 9.00 | 67.00 | 76.00 | OK | |
r-oldrel-osx-x86_64 | 0.1.0 | NOTE |
Version: 0.1.0
Check: package dependencies
Result: NOTE
Package suggested but not available for checking: 'rnaturalearthhires'
Flavors: r-devel-linux-x86_64-debian-clang, r-devel-linux-x86_64-debian-gcc, r-devel-linux-x86_64-fedora-clang, r-devel-linux-x86_64-fedora-gcc, r-devel-windows-ix86+x86_64, r-patched-linux-x86_64, r-patched-solaris-x86, r-release-linux-x86_64, r-release-windows-ix86+x86_64, r-release-osx-x86_64, r-oldrel-osx-x86_64
Version: 0.1.0
Check: data for non-ASCII characters
Result: NOTE
Note: found 7 marked Latin-1 strings
Flavors: r-devel-linux-x86_64-fedora-clang, r-devel-linux-x86_64-fedora-gcc, r-patched-solaris-x86, r-release-osx-x86_64, r-oldrel-osx-x86_64