Last updated on 2019-03-14 00:46:55 CET.
Flavor | Version | Tinstall | Tcheck | Ttotal | Status | Flags |
---|---|---|---|---|---|---|
r-devel-linux-x86_64-debian-clang | 0.1 | 21.31 | 52.83 | 74.14 | OK | |
r-devel-linux-x86_64-debian-gcc | 0.1 | 21.55 | 45.34 | 66.89 | OK | |
r-devel-linux-x86_64-fedora-clang | 0.1 | 101.23 | NOTE | |||
r-devel-linux-x86_64-fedora-gcc | 0.1 | 98.57 | OK | |||
r-devel-windows-ix86+x86_64 | 0.1 | 57.00 | 75.00 | 132.00 | NOTE | |
r-patched-linux-x86_64 | 0.1 | 14.06 | 51.11 | 65.17 | OK | |
r-patched-solaris-x86 | 0.1 | 175.10 | NOTE | |||
r-release-linux-x86_64 | OK | |||||
r-release-windows-ix86+x86_64 | 0.1 | 25.00 | 76.00 | 101.00 | NOTE | |
r-release-osx-x86_64 | 0.1 | NOTE | ||||
r-oldrel-windows-ix86+x86_64 | 0.1 | 25.00 | 56.00 | 81.00 | NOTE | |
r-oldrel-osx-x86_64 | 0.1 | NOTE |
Version: 0.1
Check: installed package size
Result: NOTE
installed size is 5.5Mb
sub-directories of 1Mb or more:
R 2.7Mb
extdata 2.7Mb
Flavors: r-devel-linux-x86_64-fedora-clang, r-devel-windows-ix86+x86_64, r-patched-solaris-x86, r-release-windows-ix86+x86_64, r-release-osx-x86_64, r-oldrel-windows-ix86+x86_64, r-oldrel-osx-x86_64