Last updated on 2019-03-14 00:46:55 CET.
Flavor | Version | Tinstall | Tcheck | Ttotal | Status | Flags |
---|---|---|---|---|---|---|
r-devel-linux-x86_64-debian-clang | 1.5.10 | 6.39 | 51.88 | 58.27 | OK | |
r-devel-linux-x86_64-debian-gcc | 1.5.10 | 4.29 | 40.56 | 44.85 | OK | |
r-devel-linux-x86_64-fedora-clang | 1.5.10 | 69.35 | OK | |||
r-devel-linux-x86_64-fedora-gcc | 1.5.10 | 65.67 | OK | |||
r-devel-windows-ix86+x86_64 | 1.5.10 | 12.00 | 104.00 | 116.00 | ERROR | |
r-patched-linux-x86_64 | 1.5.10 | 3.76 | 48.94 | 52.70 | OK | |
r-patched-solaris-x86 | 1.5.10 | 101.00 | OK | |||
r-release-linux-x86_64 | OK | |||||
r-release-windows-ix86+x86_64 | 1.5.10 | 18.00 | 102.00 | 120.00 | OK | |
r-release-osx-x86_64 | 1.5.10 | OK | ||||
r-oldrel-windows-ix86+x86_64 | 1.5.10 | 13.00 | 70.00 | 83.00 | OK | |
r-oldrel-osx-x86_64 | 1.5.10 | OK |
Version: 1.5.10
Check: examples
Result: ERROR
Running examples in 'rpubchem-Ex.R' failed
The error most likely occurred in:
> ### Name: get.cids.by.aid
> ### Title: Retreive CID's for the given bioassay
> ### Aliases: get.cids.by.aid
>
> ### ** Examples
>
> get.cids.by.aid(2044)
[1] 1201 3610 3793 4497 6825 7573 9046
[8] 17520 31316 32251 34458 34633 40598 41368
[15] 43234 47508 58953 62969 64143 66146 66541
[22] 68207 74902 76915 79403 91378 100492 110119
[29] 114298 130606 145758 149800 150655 160115 164754
[36] 164981 182785 188677 199391 199911 208719 218206
[43] 220284 220706 220846 223284 229939 232432 232557
[50] 237338 244989 245216 255329 258625 270995 279619
[57] 282594 301935 305244 312590 313350 314212 314707
[64] 321719 325292 328910 339730 365208 371687 373692
[71] 380438 394579 446541 470952 470958 480272 546968
[78] 548573 555773 561049 563075 564104 566621 580265
[85] 580266 606093 606505 619796 620761 630034 630595
[92] 644425 644442 644732 644979 645582 645652 645760
[99] 645978 645989 646158 646338 646459 646678 646852
[106] 646879 646977 647455 647549 648030 648122 648300
[113] 648474 648560 648581 648612 648779 648878 648978
[120] 648986 649031 649180 649376 649504 649525 649647
[127] 650140 650148 650193 650798 650865 651201 651236
[134] 651422 651866 652021 652299 652303 652416 652505
[141] 652524 652581 652628 653045 653157 653939 653978
[148] 654068 654128 654196 654593 654722 654851 655205
[155] 655480 655796 655811 655818 655938 655976 656240
[162] 657462 657586 657650 658010 658104 658118 658311
[169] 658604 658612 658682 658785 658842 658948 658950
[176] 659062 659069 659077 659226 659407 659638 659852
[183] 659872 659902 660236 660289 660507 661234 661261
[190] 661288 661468 661535 661910 662044 662147 662228
[197] 662273 662276 662323 662451 662466 662581 662587
[204] 662606 662882 662954 662963 663060 663120 663159
[211] 663230 663315 663459 663493 663574 663656 663750
[218] 663792 663821 663838 663848 663961 664049 664069
[225] 664154 664282 664439 664956 665597 665720 666067
[232] 666227 666372 666490 666697 666746 666802 666824
[239] 666838 666860 666977 667118 668465 672003 673490
[246] 677923 678099 678271 681280 683024 683933 686057
[253] 689261 689389 690247 692801 693996 694001 696881
[260] 697203 697226 697235 698490 699795 700555 700833
[267] 701939 702046 702582 704473 704482 704499 704533
[274] 704848 705261 707890 708165 709461 712949 714518
[281] 717880 719776 720934 721060 721517 721948 723918
[288] 727824 728884 730156 731393 731720 734388 735606
[295] 735869 736912 738092 741783 743792 744450 744678
[302] 746609 749081 750129 751394 751550 751573 754268
[309] 756059 757113 757124 757908 761522 763564 765471
[316] 765802 765891 766064 767374 768195 768261 768370
[323] 768447 772084 772522 772848 773126 773605 779066
[330] 779240 780682 780945 781700 783786 784087 784090
[337] 784224 784312 784585 784639 788501 789621 791069
[344] 791324 792077 792487 792502 792603 793994 794181
[351] 799448 799470 800048 800465 800782 800941 801366
[358] 801625 804241 807557 818737 822107 825248 825591
[365] 826684 827650 827711 832212 832213 833827 836006
[372] 844733 847872 847874 848683 849734 851232 851542
[379] 852940 854216 861664 861730 867248 867326 868430
[386] 870479 879019 881135 884265 884291 885036 888153
[393] 889490 890649 891285 892093 892164 900971 901425
[400] 901998 902097 902104 902800 906089 912304 914449
[407] 930151 930617 934512 934996 935040 935207 935358
[414] 935381 935415 935878 936147 937679 938946 941679
[421] 941801 943399 944284 944467 946216 946310 946666
[428] 946898 950649 950897 969847 969982 970686 970870
[435] 972178 972317 973011 973067 975656 975848 978585
[442] 979661 983945 989046 990853 991000 997548 998758
[449] 998879 999279 999529 1000348 1001121 1001348 1001459
[456] 1004945 1006987 1012900 1014412 1015626 1017506 1017761
[463] 1017782 1021028 1023409 1034421 1034468 1034730 1040117
[470] 1046630 1046754 1047183 1047194 1050959 1051635 1067678
[477] 1069530 1071670 1072148 1073876 1074920 1074927 1077243
[484] 1077805 1078044 1080132 1081872 1083196 1083213 1083526
[491] 1085354 1086028 1086274 1086292 1089897 1090196 1090308
[498] 1090779 1091072 1091600 1092467 1092878 1093278 1093989
[505] 1094006 1094050 1094423 1094573 1095335 1096074 1096078
[512] 1109397 1109408 1111155 1111827 1113554 1115796 1116953
[519] 1117367 1117926 1122471 1122641 1122716 1126295 1130106
[526] 1130551 1131801 1135539 1141321 1144479 1149496 1155282
[533] 1155412 1155441 1161245 1163790 1164613 1168573 1172423
[540] 1175395 1176289 1177216 1179390 1189450 1189521 1190108
[547] 1190196 1201780 1201836 1201888 1201889 1204412 1206996
[554] 1207632 1207959 1209279 1209895 1211550 1214515 1214519
[561] 1214669 1214682 1214685 1214688 1215650 1215863 1216381
[568] 1218110 1219914 1226751 1226928 1227876 1232742 1236299
[575] 1236985 1240113 1242782 1242821 1243678 1244312 1244750
[582] 1246024 1246990 1247326 1247737 1248704 1249075 1249455
[589] 1249869 1250656 1251070 1251267 1251350 1251584 1252694
[596] 1253962 1254201 1254467 1254472 1254477 1254872 1256380
[603] 1256854 1256999 1257113 1258236 1258750 1259441 1261460
[610] 1261655 1261661 1261749 1262919 1263596 1263653 1264233
[617] 1264386 1266457 1266482 1266904 1267511 1267828 1271299
[624] 1272579 1273744 1281119 1282354 1287415 1288156 1288496
[631] 1288502 1288984 1290899 1292700 1293541 1294143 1294874
[638] 1296926 1298115 1298163 1298953 1299110 1299127 1299980
[645] 1300179 1301411 1301976 1305287 1307465 1312356 1313639
[652] 1314274 1314470 1314771 1314910 1315075 1316617 1319945
[659] 1321203 1323304 1325217 1327568 1330022 1333576 1335223
[666] 1335691 1337930 1339800 1340199 1341554 1342143 1346051
[673] 1346843 1363467 1363858 1374146 1375750 1376867 1377281
[680] 1378052 1378271 1378292 1380835 1380879 1380898 1384428
[687] 1385049 1386886 1388836 1390373 1391579 1394168 1400145
[694] 1416207 1416668 1418997 1420397 1423235 1423270 1424069
[701] 1424303 1430276 1430426 1430433 1430541 1430574 1432646
[708] 1435140 1439943 1440402 1441865 1442430 1447917 1447956
[715] 1448195 1449879 1450063 1453050 1453619 1453739 1454305
[722] 1454774 1454780 1454820 1456563 1457119 1457597 1458486
[729] 1458607 1459378 1459762 1462215 1463379 1469444 1470715
[736] 1470719 1471035 1471060 1471842 1472329 1472429 1472487
[743] 1473144 1473168 1473211 1474461 1474462 1474464 1474487
[750] 1474911 1475210 1475212 1475767 1476556 1476563 1476806
[757] 1477439 1477595 1478923 1479153 1479791 1479928 1479949
[764] 1480206 1480226 1480482 1481618 1481943 1482138 1482680
[771] 1485057 1485505 1486292 1486766 1486826 1486984 1486985
[778] 1487013 1487220 1487222 1487292 1487311 1487485 1488161
[785] 1488852 1488911 1489238 1489406 1489433 1489499 1489562
[792] 1489654 1489656 1489658 1491020 1491023 1491027 1491151
[799] 1491276 1492379 1502520 1503535 1506533 1510228 1523539
[806] 1534928 1536777 1537038 1538702 1542071 1547813 1550317
[813] 1550318 1560180 1560275 1560394 1561558 1562721 1563678
[820] 1567573 1570196 1570351 1605305 1615655 1627401 1643252
[827] 1653134 1712845 1715236 1715432 1718915 1719635 1730746
[834] 1733550 1735482 1736240 1740663 1747861 1748303 1748426
[841] 1749332 1749548 1750363 1757944 1763093 1765923 1766092
[848] 1767806 1769556 1773765 1790491 1790658 1791929 1792237
[855] 1803196 1814625 1814627 1814918 1817559 1819338 1820316
[862] 1825654 1825674 1825676 1825680 1825684 1832171 1834346
[869] 1838181 1842405 1843741 1850240 1850463 1851623 1856906
[876] 1856955 1861043 1867212 1874139 1878132 1880332 1882806
[883] 1883255 1888316 1888652 1893384 1894994 1895574 1895639
[890] 1897383 1899390 1900094 1901217 1905702 1907063 1911669
[897] 1914471 1922894 1925031 1927171 1927297 1931608 1934103
[904] 1940871 1943682 1944951 1948065 1952075 1956827 1961588
[911] 1961675 1963704 1963859 1966682 1966876 1967927 1970240
[918] 1971514 1972202 1982224 1982709 1983011 1984902 1990828
[925] 1994077 1997570 1998020 1998473 1999161 2006272 2006281
[932] 2007903 2011082 2015981 2016176 2023917 2027474 2029536
[939] 2030568 2032585 2036508 2049501 2051205 2052765 2052803
[946] 2052984 2056359 2057778 2057884 2059984 2063608 2078551
[953] 2080184 2080519 2080746 2082602 2083080 2084391 2084409
[960] 2084687 2085349 2087280 2089534 2090062 2091027 2091029
[967] 2097157 2097287 2099944 2101118 2101692 2101805 2103995
[974] 2104690 2106098 2108334 2108587 2112476 2113944 2114519
[981] 2121112 2121356 2123263 2123970 2124433 2124708 2125622
[988] 2127357 2127869 2129356 2129554 2131984 2132993 2136388
[995] 2140163 2146184 2147586 2147955 2150444 2150794 2151449
[1002] 2155616 2157724 2157899 2157909 2157931 2157933 2158045
[1009] 2158147 2158150 2158155 2158156 2158952 2158957 2158975
[1016] 2160948 2160949 2164602 2166747 2167819 2168035 2168891
[1023] 2169083 2170628 2171210 2174469 2175242 2176255 2176363
[1030] 2177616 2178534 2183846 2186090 2186299 2186406 2188356
[1037] 2190927 2192714 2192957 2194184 2195963 2195983 2196686
[1044] 2199938 2200688 2201553 2202984 2204100 2204181 2204244
[1051] 2205442 2205478 2205572 2211100 2211952 2214458 2214529
[1058] 2214803 2214828 2215367 2216008 2219681 2220183 2220460
[1065] 2220696 2223214 2225380 2227134 2228772 2229952 2230814
[1072] 2233458 2234099 2234355 2238561 2238820 2238995 2241256
[1079] 2244929 2245043 2246186 2256105 2265943 2269415 2270563
[1086] 2276231 2281861 2287257 2288018 2296326 2296676 2298439
[1093] 2301821 2306089 2308215 2308236 2309360 2320398 2320399
[1100] 2320407 2320414 2320415 2320419 2321431 2322219 2324620
[1107] 2325184 2325816 2327953 2328694 2328848 2328850 2330223
[1114] 2330225 2331800 2332199 2334526 2335634 2336107 2337349
[1121] 2337552 2342136 2345854 2346083 2348603 2352853 2353203
[1128] 2353214 2353710 2360549 2365273 2370425 2373924 2378273
[1135] 2383047 2384236 2387018 2397376 2398303 2404824 2405315
[1142] 2405497 2406187 2406282 2412504 2414456 2416000 2416350
[1149] 2417800 2418338 2418645 2422607 2423078 2423635 2426562
[1156] 2426831 2427877 2430298 2432028 2434116 2435404 2441196
[1163] 2443906 2452101 2452268 2452802 2452853 2453271 2454062
[1170] 2454706 2454757 2455004 2455651 2457799 2460667 2462067
[1177] 2462609 2465035 2467166 2469519 2471413 2472581 2475132
[1184] 2479394 2494372 2495129 2496359 2499208 2499497 2500614
[1191] 2504318 2517229 2519271 2523404 2524043 2526579 2530952
[1198] 2531772 2535642 2537278 2539487 2540732 2542138 2544769
[1205] 2546318 2547579 2550689 2551059 2551422 2553501 2564994
[1212] 2578872 2585205 2594234 2594907 2608752 2632862 2660566
[1219] 2674621 2677285 2698808 2699085 2700013 2723598 2725904
[1226] 2725961 2726056 2726121 2728081 2729786 2731956 2738200
[1233] 2738961 2740175 2741258 2744279 2745707 2746653 2755820
[1240] 2765719 2766003 2766004 2766138 2766272 2766327 2766344
[1247] 2767121 2767136 2767411 2768317 2768758 2768940 2769258
[1254] 2769757 2770575 2783649 2784726 2790527 2790584 2790788
[1261] 2796463 2802138 2802298 2802693 2802912 2806260 2806294
[1268] 2806956 2809257 2809799 2809985 2809986 2810028 2810079
[1275] 2811316 2812045 2812147 2812866 2813100 2815701 2816337
[1282] 2816338 2816888 2822060 2822113 2823667 2823688 2826944
[1289] 2828021 2828189 2829264 2830011 2830140 2831437 2831576
[1296] 2831792 2831821 2831910 2832015 2833834 2833933 2834357
[1303] 2834414 2834419 2834534 2835280 2835717 2836226 2836311
[1310] 2837573 2837886 2838075 2838654 2838683 2839312 2839577
[1317] 2839929 2839970 2840884 2842585 2843251 2843279 2843708
[1324] 2843775 2843935 2845444 2845604 2846021 2846431 2846887
[1331] 2846928 2847306 2847950 2849032 2850095 2851364 2851545
[1338] 2851826 2851859 2852501 2852681 2852724 2852738 2852956
[1345] 2854948 2855357 2856395 2856632 2857154 2858383 2858397
[1352] 2858742 2858758 2858765 2859515 2859779 2859981 2861396
[1359] 2862214 2864129 2865152 2865851 2867026 2868128 2868950
[1366] 2870302 2870375 2870379 2870482 2872175 2872283 2872439
[1373] 2874606 2875886 2876575 2876596 2876611 2876668 2876744
[1380] 2876872 2877061 2877075 2877555 2879421 2879915 2881519
[1387] 2881753 2882624 2882626 2882769 2882825 2882841 2885301
[1394] 2885704 2885878 2886479 2886681 2887208 2888353 2888373
[1401] 2891886 2892066 2892340 2892522 2892638 2893670 2893801
[1408] 2894141 2894929 2896518 2897066 2897727 2899456 2900292
[1415] 2900686 2902308 2902679 2902851 2904045 2904746 2905052
[1422] 2905407 2905580 2905641 2908311 2908640 2909238 2911518
[1429] 2913226 2914243 2914346 2914378 2920318 2920336 2920402
[1436] 2920571 2920952 2921018 2921215 2921404 2921524 2921752
[1443] 2922048 2922056 2922086 2922233 2922724 2922843 2922988
[1450] 2923008 2923429 2923488 2923509 2923620 2923700 2923730
[1457] 2923765 2923853 2923968 2923973 2924336 2924391 2924412
[1464] 2924431 2924484 2924944 2925459 2926808 2927347 2927523
[1471] 2927953 2928327 2928544 2928707 2928973 2928992 2929884
[1478] 2930234 2931771 2932493 2933964 2934080 2934155 2934358
[1485] 2934508 2935038 2935107 2935169 2935573 2935582 2935648
[1492] 2935903 2936055 2936073 2936122 2936804 2937080 2937784
[1499] 2939776 2939837 2941157 2941217 2941571 2941574 2941613
[1506] 2942009 2942060 2942243 2942288 2943134 2943677 2943776
[1513] 2943813 2943827 2943853 2944320 2944453 2944497 2944656
[1520] 2944755 2944947 2945017 2945131 2945320 2945620 2946068
[1527] 2946624 2946841 2947268 2947435 2948119 2948490 2948526
[1534] 2948873 2949054 2949086 2949121 2949339 2949352 2949392
[1541] 2949414 2949476 2949532 2949965 2950007 2951451 2951463
[1548] 2951532 2951748 2951909 2952060 2952312 2952401 2952991
[1555] 2953060 2953511 2954083 2954199 2954907 2955071 2955709
[1562] 2955964 2956028 2956146 2956445 2956995 2957321 2957574
[1569] 2958055 2958875 2959710 2960774 2960866 2960990 2961024
[1576] 2961632 2961787 2961803 2961942 2962287 2962373 2962400
[1583] 2962427 2962555 2962999 2965202 2965319 2965343 2965432
[1590] 2965477 2965660 2965669 2965686 2966178 2966258 2966759
[1597] 2967148 2967155 2967309 2967412 2967529 2967948 2968011
[1604] 2968869 2969098 2969750 2969985 2970165 2970596 2970626
[1611] 2971269 2971633 2971954 2972326 2972590 2973414 2973487
[1618] 2973564 2973578 2973708 2973742 2973911 2973957 2974087
[1625] 2974249 2974695 2974731 2974885 2975020 2975186 2975239
[1632] 2975324 2975679 2975689 2975897 2976100 2976153 2976238
[1639] 2976519 2976659 2976904 2977331 2977639 2977923 2978070
[1646] 2978079 2978340 2979096 2979545 2980951 2982122 2982322
[1653] 2982540 2982591 2982702 2983229 2983841 2984782 2986305
[1660] 2986780 2987903 2988458 2988713 2989697 2990902 2992149
[1667] 2992992 2993447 2993546 2994655 2995879 2996559 2997076
[1674] 2997535 2997839 2997879 2997997 2998096 2998271 2998337
[1681] 2998537 2998597 2998720 2998748 2998919 2998941 2999476
[1688] 3000185 3005572 3032310 3074368 3089037 3089113 3089114
[1695] 3089115 3089181 3089359 3090520 3090962 3091258 3091267
[1702] 3092684 3093457 3093479 3095090 3100156 3100199 3101357
[1709] 3101746 3103704 3105413 3106673 3107732 3111269 3111378
[1716] 3113079 3113799 3114342 3114905 3116196 3118522 3119208
[1723] 3119630 3120539 3121367 3124694 3128193 3128535 3129026
[1730] 3129243 3129244 3129248 3129251 3129563 3129782 3130165
[1737] 3130863 3132202 3132241 3132782 3136121 3136122 3136123
[1744] 3136125 3136134 3136329 3136571 3138753 3138755 3139698
[1751] 3143995 3145569 3146345 3148797 3150533 3150541 3152697
[1758] 3153109 3154392 3155287 3157265 3159270 3159273 3161537
[1765] 3162837 3166886 3167772 3171410 3174571 3179244 3179249
[1772] 3179625 3180452 3180466 3180709 3184444 3184574 3185254
[1779] 3185798 3187283 3189892 3190110 3190331 3190915 3190924
[1786] 3190940 3192089 3192715 3193428 3193465 3193475 3193691
[1793] 3193699 3193727 3193750 3198502 3201753 3202196 3202200
[1800] 3202241 3202579 3202581 3202877 3203085 3210102 3215244
[1807] 3216370 3216836 3216907 3218178 3218493 3219077 3220891
[1814] 3221589 3222605 3222607 3223944 3223978 3224349 3225056
[1821] 3225848 3226853 3228229 3228539 3228674 3229160 3229165
[1828] 3229211 3229217 3229276 3229312 3229948 3231830 3232131
[1835] 3232134 3235799 3235831 3235974 3236637 3236758 3236802
[1842] 3236803 3236992 3237255 3237414 3237452 3237462 3237664
[1849] 3237747 3237799 3237833 3237865 3237921 3238417 3238551
[1856] 3238629 3238702 3238750 3239147 3239204 3239238 3239574
[1863] 3239948 3240067 3240292 3240558 3240700 3240770 3240889
[1870] 3241195 3241264 3241321 3241522 3241548 3241738 3241867
[1877] 3241945 3242014 3242039 3242062 3242231 3242276 3242306
[1884] 3242373 3242433 3242434 3242494 3242621 3242737 3242810
[1891] 3242908 3242941 3243390 3243617 3243656 3243991 3244102
[1898] 3244155 3244649 3244694 3244746 3244822 3244936 3245232
[1905] 3245258 3245627 3245671 3245694 3245976 3246791 3248327
[1912] 3254086 3255312 3264980 3271028 3278006 3278537 3296275
[1919] 3297003 3309479 3309627 3311355 3315893 3327793 3331820
[1926] 3332172 3340390 3347676 3351443 3358600 3369549 3373980
[1933] 3375236 3376880 3376944 3379829 3380841 3386722 3397589
[1940] 3410430 3411151 3412902 3417983 3418293 3420743 3424493
[1947] 3427367 3428671 3429382 3432274 3434495 3438085 3458318
[1954] 3475954 3478251 3495482 3497976 3499283 3505580 3505859
[1961] 3508287 3511819 3512077 3516032 3518672 3524144 3524607
[1968] 3535169 3536067 3543593 3544398 3545134 3553673 3554819
[1975] 3555482 3558505 3561768 3562364 3564247 3564277 3568512
[1982] 3570314 3570683 3573345 3574126 3574233 3590080 3590942
[1989] 3595332 3597458 3600302 3600303 3600304 3601294 3602968
[1996] 3604468 3605184 3605573 3606819 3612921 3613648 3616903
[2003] 3621933 3626013 3628956 3630556 3646812 3652944 3660964
[2010] 3662576 3669957 3682004 3685220 3685735 3690451 3690465
[2017] 3692437 3693334 3696776 3701150 3703449 3706286 3713338
[2024] 3714053 3714790 3715537 3715698 3725433 3727169 3734285
[2031] 3734343 3737946 3740528 3742911 3743685 3755880 3755918
[2038] 3761381 3762355 3766486 3767566 3769494 3770318 3774420
[2045] 3774839 3777125 3778038 3778366 3784610 3786303 3787293
[2052] 3787753 3788601 3788602 3793001 3793971 3794983 3804682
[2059] 3808385 3811656 3812524 3812674 3816461 3826961 3827421
[2066] 3835571 3836416 3839220 3841658 3851518 3863745 3875018
[2073] 3875781 3878766 3881168 3888835 3898532 3901239 3904315
[2080] 3911113 3918318 3923254 3926665 3926947 3936594 3939561
[2087] 3953791 3954939 3966561 3974576 3974799 3975475 3976052
[2094] 3979644 4003717 4008711 4011297 4012930 4018133 4019447
[2101] 4023746 4027441 4029048 4039390 4042813 4047051 4047587
[2108] 4054874 4057115 4058359 4064683 4066854 4067868 4072948
[2115] 4074996 4075726 4077979 4080219 4086763 4088367 4091590
[2122] 4091866 4092732 4095323 4098274 4098276 4101429 4104374
[2129] 4109233 4112048 4114795 4116967 4118176 4124721 4129168
[2136] 4132205 4135073 4135477 4135479 4135481 4136153 4137406
[2143] 4139598 4145279 4147163 4150312 4153842 4154942 4156468
[2150] 4158180 4160822 4160908 4165403 4166081 4178804 4178848
[2157] 4183279 4187113 4189744 4191742 4192819 4205343 4206649
[2164] 4208027 4213523 4214141 4221681 4226016 4229853 4230544
[2171] 4230997 4246134 4247467 4247469 4249116 4250189 4250647
[2178] 4251978 4252617 4255778 4261263 4264326 4273494 4278191
[2185] 4278357 4278959 4279338 4281832 4282422 4283309 4283376
[2192] 4288896 4291888 4295044 4296722 4301144 4305830 4306553
[2199] 4317171 4317586 4320212 4321036 4325512 4329094 4335068
[2206] 4341847 4342968 4353821 4354634 4366715 4368074 4374687
[2213] 4377688 4400441 4400793 4406635 4407879 4410730 4412278
[2220] 4415508 4416036 4418966 4420758 4421377 4422588 4424226
[2227] 4429714 4432476 4433033 4435004 4444078 4448288 4454650
[2234] 4456997 4457839 4462716 4466069 4519805 4535572 4542386
[2241] 4547196 4547204 4550538 4555838 4557525 4562603 4571362
[2248] 4583869 4584216 4588426 4589290 4592792 4595084 4599990
[2255] 4600171 4603044 4606765 4607449 4617636 4622015 4637242
[2262] 4648579 4649064 4649066 4652205 4661286 4667754 4670108
[2269] 4671958 4677543 4679493 4680891 4688974 4779498 4779511
[2276] 4780318 4782221 4795714 4799115 4831254 4831440 4832437
[2283] 4832934 4833225 4833233 4833287 4834113 4839240 4839303
[2290] 4839973 4840256 4840499 4840816 4841451 4841592 4852713
[2297] 4860104 4860171 4876354 4876678 4878127 4878352 4879304
[2304] 4879810 4880050 4880279 4880417 4880769 4882182 4882879
[2311] 4890057 4893393 4895470 4896097 4896989 4902140 4911163
[2318] 4917700 4918109 4919925 4920916 4961630 4962027 4966753
[2325] 4967350 4967538 4971561 4974258 4975837 4983871 4985033
[2332] 4993461 4993768 5000221 5002100 5002102 5005059 5007427
[2339] 5010903 5014092 5019668 5025746 5035618 5039004 5044266
[2346] 5044270 5044744 5045172 5056535 5060417 5069258 5069375
[2353] 5069383 5072577 5078961 5080398 5091952 5093561 5093963
[2360] 5098531 5099491 5102347 5103720 5109926 5111058 5114200
[2367] 5127299 5128590 5128597 5130521 5136552 5140056 5140198
[2374] 5147767 5152307 5152963 5153374 5169123 5170830 5170953
[2381] 5176394 5177776 5183241 5187767 5188234 5190015 5190293
[2388] 5191473 5209962 5220239 5222305 5224712 5236748 5239347
[2395] 5284439 5286607 5287040 5291728 5303784 5307619 5309399
[2402] 5310184 5310596 5312126 5323341 5331443 5331470 5332109
[2409] 5333107 5333457 5333847 5333955 5334290 5334401 5334509
[2416] 5334618 5334671 5334895 5335244 5335613 5336094 5336432
[2423] 5337624 5337641 5340140 5341357 5341411 5341528 5341736
[2430] 5342491 5342524 5343096 5343248 5345479 5345644 5346104
[2437] 5346381 5346926 5347179 5348004 5349730 5354798 5393549
[2444] 5394508 5399366 5404739 5405088 5405450 5411283 5411796
[2451] 5431360 5431532 5433960 5434410 5435884 5436360 5440766
[2458] 5454880 5469563 5497430 5553820 5575207 5578971 5634603
[2465] 5636860 5638819 5666737 5674353 5676317 5680788 5708224
[2472] 5712446 5713121 5713123 5713277 5717737 5717745 5719371
[2479] 5719791 5719799 5720198 5720211 5721289 5722655 5724239
[2486] 5725290 5726593 5727907 5729099 5730621 5730810 5731123
[2493] 5731541 5731619 5731721 5731731 5734165 5734258 5734646
[2500] 5734740 5735740 5736634 5736647 5738661 5739491 5739955
[2507] 5740156 5740802 5750335 5750365 5754756 5754757 5756371
[2514] 5756549 5760298 5761700 5769321 5770961 5770963 5771434
[2521] 5774004 5776408 5786987 5794045 5817505 5818839 5829079
[2528] 5884233 5902515 5912397 5914949 5927210 5927813 5928348
[2535] 5941975 5942255 5952109 5953874 5975930 5995442 6006065
[2542] 6011097 6011141 6043335 6050443 6052679 6053618 6053857
[2549] 6074923 6079782 6083010 6085636 6087863 6098010 6105143
[2556] 6110289 6122140 6155659 6156842 6175808 6177155 6212292
[2563] 6217526 6223631 6223687 6223985 6224194 6256253 6259302
[2570] 6270287 6270682 6322955 6340245 6362174 6362905 6372599
[2577] 6379414 6381781 6385048 6386865 6392048 6400980 6402409
[2584] 6402465 6404717 6407401 6407447 6409920 6413011 6413024
[2591] 6413397 6463453 6465310 6468112 6469540 6471104 6484306
[2598] 6485176 6491060 6492095 6498225 6500005 6516390 6518655
[2605] 6520321 6526694 6602552 6602579 6602623 6602716 6602730
[2612] 6602767 6602784 6602795 6602808 6602959 6602975 6602978
[2619] 6603020 6603042 6603212 6603237 6603379 6603401 6603435
[2626] 6603448 6603487 6603565 6603597 6604176 6604199 6615568
[2633] 6616725 6618369 6619971 6620731 6621049 6621361 6622403
[2640] 6622738 6622826 6622924 6623491 6669960 6862946 6864491
[2647] 6866682 6868234 6868716 6870357 6871588 6871590 6871631
[2654] 6872161 6872215 6872217 6872349 6872500 6872597 6872649
[2661] 6872741 6872898 6872917 6873313 6874164 6874299 6874358
[2668] 6874698 6874971 6875062 6875377 6875392 6875617 6875684
[2675] 6875690 6875756 6876664 6876815 6877349 6877633 6877635
[2682] 6877972 6878016 6878676 6880172 6882265 6882316 6883299
[2689] 6884156 6884367 6884770 6885583 6886476 6886789 6887802
[2696] 6889577 6890185 6893101 6893438 6894710 6895141 6896342
[2703] 6896701 6898032 6898878 6899365 6899636 6899916 6900119
[2710] 6900121 6900122 6900123 6900623 6900758 6901770 6901828
[2717] 6901830 6902053 6902142 6902526 6902907 6904065 6906133
[2724] 6907246 6952211 6953463 6981965 7010816 7066845 7066859
[2731] 7075534 7080334 7086337 7105628 7106785 7109939 7118808
[2738] 7118810 7119106 7152314 7172585 7202820 7202928 7207303
[2745] 7207489 7218890 7231881 7285299 7292609 7292627 7294801
[2752] 7314608 7326949 7535086 7538979 7539642 7560574 7694012
[2759] 7838220 7861191 7921513 7998465 8072033 8219205 8919134
[2766] 9119311 9499902 9503324 9516708 9522373 9547770 9549167
[2773] 9549410 9549450 9549480 9549494 9549501 9549593 9549603
[2780] 9549688 9549729 9549754 9550042 9550062 9550171 9550178
[2787] 9550299 9550324 9550364 9550588 9550591 9550704 9550894
[2794] 9551008 9551193 9551751 9551836 9551837 9551923 9551997
[2801] 9552079 9553757 9554433 9555051 9556031 9556725 9556823
[2808] 9557288 9557304 9557730 9559885 9559886 9559887 9560222
[2815] 9560225 9563422 9564116 9564164 9564218 9564693 9566278
[2822] 9566279 9566970 9567479 9567484 9567510 9568045 9568230
[2829] 9568654 9568670 9569172 9580312 9580828 9581002 9581915
[2836] 9581942 9582016 9583569 9584946 9585555 9586311 9586457
[2843] 9586688 9587150 9587468 9587488 9587491 9587549 9587799
[2850] 9587859 9589764 9589772 9590496 9590741 9590742 9590748
[2857] 9590926 9593497 9593779 9593780 9593837 9594270 9594753
[2864] 9594929 9594956 9594976 9600579 9600786 9606124 9606447
[2871] 9607470 9612480 9613210 9613213 9615829 9615911 9616111
[2878] 9616115 9616943 9616945 9619214 9620336 9621363 9625839
[2885] 9627689 9629709 9633249 9633315 9634219 9635615 9638070
[2892] 9640339 9641352 9642084 9644392 9646459 9646675 9647099
[2899] 9649777 9650309 9653311 9659840 9661729 9662513 9663934
[2906] 9668913 9670176 9671774 9677213 9677285 9678236 9678968
[2913] 9679865 9679909 9680689 9680913 9681037 9681611 9684308
[2920] 9685076 9688736 9695946 9725680 9938794 9947479 10000306
[2927] 10079106 10707928 10807217 10860295 11568649 11834461 11834467
[2934] 11834470 11905861 11948807 11948817 11948850 11948851 11948909
[2941] 11949176 11957209 11957214 11957308 11958378 11958617 11958710
[2948] 11958717 11958727 11958735 11958801 11958855 11970251 11979298
[2955] 12004464 12004476 12004519 12004646 12004784 12004832 12004863
[2962] 12004950 12004987 12005055 12005063 12005069 12005099 12005126
[2969] 12005127 12005198 12005273 12005441 12005540 12005541 12005561
[2976] 12005570 12005586 12005591 12005593 12005596 12005604 12005605
[2983] 12005609 12005680 12005685 12005730 12005756 12005784 12005787
[2990] 12005894 12005900 12005925 12005980 12005997 12006005 12006010
[2997] 12006025 12006028 12006126 12006157 12006167 12006169 12006187
[3004] 12006202 12006242 12006254 12303047 12402750 12437873 12531404
[3011] 12694583 12748881 13015548 13167704 13481921 13634471 14286542
[3018] 14291980 14412268 14641348 15055241 15270871 15399740 15538510
[3025] 15740787 15885886 15944722 15944723 15944795 15944822 15944943
[3032] 15944966 15944991 15945020 15945023 15945029 15945051 15945238
[3039] 15945244 15945266 15945312 15945344 15945637 15945638 15945694
[3046] 15945704 15945715 15945720 15945727 15945734 15945775 15945798
[3053] 15987876 15988852 15989508 15989995 15991474 15991747 15994066
[3060] 15994958 15994961 15995854 15998220 15998484 15999416 15999425
[3067] 16001095 16001413 16004023 16007418 16008315 16008808 16008866
[3074] 16012540 16012802 16014104 16017476 16020041 16020097 16022921
[3081] 16022946 16060480 16060833 16187068 16187139 16187141 16187166
[3088] 16187172 16187179 16187184 16187203 16187234 16187238 16187239
[3095] 16187242 16187244 16187255 16187278 16187294 16187342 16187353
[3102] 16187366 16187376 16187390 16187449 16187460 16187480 16187489
[3109] 16187500 16187540 16187567 16187571 16187617 16187640 16187656
[3116] 16187663 16187666 16187715 16187718 16187720 16187777 16187779
[3123] 16187806 16187827 16187879 16187883 16187933 16187934 16187937
[3130] 16187943 16187969 16187976 16188007 16188008 16188011 16188033
[3137] 16188068 16188082 16188185 16188199 16188210 16188217 16188221
[3144] 16188222 16188233 16188238 16188247 16188248 16188257 16188269
[3151] 16188270 16188281 16188302 16188328 16188335 16188419 16188427
[3158] 16188469 16188489 16188498 16188516 16188550 16188590 16188599
[3165] 16188652 16188657 16188695 16188744 16188753 16188764 16188791
[3172] 16188793 16188796 16188908 16188953 16188954 16188996 16188997
[3179] 16189020 16189035 16189140 16189146 16189174 16189208 16189210
[3186] 16189219 16189235 16189324 16189332 16189363 16189381 16189402
[3193] 16189424 16189447 16189474 16189546 16189579 16189620 16189705
[3200] 16189717 16189735 16189758 16189866 16189869 16189899 16189933
[3207] 16189938 16189955 16190008 16190012 16190020 16190072 16190092
[3214] 16190114 16190129 16190307 16190333 16190363 16190370 16190380
[3221] 16190407 16190427 16190472 16190476 16190479 16190600 16190618
[3228] 16190703 16190726 16190746 16190776 16190843 16190865 16190867
[3235] 16190882 16190898 16190936 16190938 16190996 16191004 16191019
[3242] 16191023 16191051 16191053 16191087 16191091 16191102 16191111
[3249] 16191124 16191269 16191283 16191313 16191315 16191316 16191337
[3256] 16191427 16191435 16191439 16191457 16191461 16191483 16191485
[3263] 16191491 16191532 16191567 16191576 16191641 16191661 16191700
[3270] 16191730 16191746 16191768 16191793 16191799 16191821 16191831
[3277] 16191840 16191841 16191862 16191866 16191870 16191874 16191876
[3284] 16191877 16191881 16191911 16191936 16191974 16192028 16192033
[3291] 16192067 16192075 16192080 16192085 16192086 16192104 16192125
[3298] 16192167 16192170 16192172 16192181 16192185 16192186 16192188
[3305] 16192193 16192204 16192208 16192222 16192225 16192230 16192237
[3312] 16192241 16192266 16192267 16192307 16192319 16192340 16192348
[3319] 16192374 16192421 16192427 16192449 16192454 16192460 16192471
[3326] 16192540 16192591 16192604 16192607 16192618 16192647 16192665
[3333] 16192703 16192707 16192712 16192720 16192751 16192765 16192821
[3340] 16192822 16192857 16192893 16192902 16192911 16192923 16192926
[3347] 16192927 16192954 16192966 16192971 16192994 16192996 16193001
[3354] 16193032 16193034 16193036 16193042 16193043 16193065 16193085
[3361] 16193133 16193138 16193140 16193212 16193269 16193281 16193330
[3368] 16193349 16193368 16193432 16193436 16193437 16193498 16193503
[3375] 16193551 16193581 16193610 16193650 16193703 16193772 16193862
[3382] 16193867 16193912 16193953 16193982 16194080 16194083 16194112
[3389] 16194206 16194209 16194239 16194242 16194265 16194287 16194317
[3396] 16194327 16194353 16194374 16194418 16194461 16194582 16194599
[3403] 16194616 16194631 16194647 16194659 16194665 16194681 16194684
[3410] 16194690 16194700 16194722 16194740 16194741 16194768 16194784
[3417] 16194818 16194820 16194822 16194828 16194869 16194886 16194891
[3424] 16194903 16194914 16194944 16194951 16195075 16195090 16195114
[3431] 16195139 16195181 16195261 16195277 16195321 16195332 16195416
[3438] 16195423 16195539 16195557 16195562 16195571 16195590 16195648
[3445] 16195834 16195849 16195854 16195883 16195907 16195926 16195929
[3452] 16195956 16195959 16195967 16195990 16196012 16196015 16196063
[3459] 16196073 16196081 16196089 16196100 16196126 16196160 16196162
[3466] 16196163 16196167 16196168 16196191 16196194 16196195 16196260
[3473] 16196302 16196328 16196367 16196379 16196382 16196395 16196684
[3480] 16196685 16196845 16196852 16196924 16196935 16197160 16229854
[3487] 16236314 16236316 16237010 16238152 16239610 16240702 16241391
[3494] 16241464 16242056 16242346 16244852 16244880 16244947 16245620
[3501] 16248125 16248363 16250657 16282104 16285260 16287162 16294702
[3508] 16295302 16335101 16351936 16373551 16396759 16397279 16400050
[3515] 16400218 16400549 16400689 16400934 16401256 16401695 16402079
[3522] 16403714 16411376 16413681 16413721 16436605 16436607 16448838
[3529] 16543799 16552459 16573308 16583574 16681757 16681822 16681899
[3536] 16681904 16681936 16681941 16682008 16682235 16682254 16682256
[3543] 16682272 16682344 16682393 16682470 16682556 16682610 16745504
[3550] 16745798 16745800 16745860 16746118 16746146 16746298 16746412
[3557] 16746427 16746497 16746510 16746597 16798171 16798261 16799150
[3564] 16799172 16799516 16799546 16799952 16805989 16806296 16806361
[3571] 16806774 16806775 16806776 16806777 16808590 16808641 16808718
[3578] 16808857 16812364 16812948 16813582 16822438 16829983 17028316
[3585] 17123417 17271171 17366951 17367431 17367794 17367805 17367826
[3592] 17384904 17442451 17557134 17564458 17574557 17576436 17838287
[3599] 18083820 18106904 18109223 18127589 18562411 18564027 18573120
[3606] 18573256 18573262 18573457 18573487 18573514 18573637 18575107
[3613] 18575349 18575622 18577441 18577609 18577934 18578197 18578238
[3620] 18578621 18581489 18581701 18581809 18773922 19653821 20846859
[3627] 20855298 20857484 20861057 20888974 20890963 20899308 20911432
[3634] 20919726 20920439 20921518 20925913 20925940 20953769 20953899
[3641] 20956349 20956353 20961335 22422668 22430385 22512709 22549616
[3648] 23288286 23350906 23581797 23603499 23640892 23640901 23641095
[3655] 23723160 23723173 23723244 23723259 23723290 23723361 23723411
[3662] 23723428 23723462 23723465 23723488 23723514 23723545 23723600
[3669] 23723620 23723651 23723659 23723660 23723714 23723808 23723840
[3676] 23723842 23723843 23723846 23723925 23723951 23723960 23723964
[3683] 23724027 23724036 23724040 23724130 23724172 23724206 23724207
[3690] 23724249 23724261 23724288 23724305 23724317 23724342 23724346
[3697] 23724408 23724416 23724418 23724422 24686235 24686342 24686701
[3704] 24686729 24686745 24686872 24686883 24687022 24687249 24687313
[3711] 24687664 24687695 24687832 24746788 24746808 24746849 24746883
[3718] 24746931 24746984 24747033 24747095 24747116 24747120 24747289
[3725] 24747354 24747369 24747446 24747678 24747745 24747785 24747810
[3732] 24761135 24761146 24761154 24761158 24761168 24761361 24761362
[3739] 24761368 24761406 24761408 24761418 24761441 24761551 24761597
[3746] 24761605 24761953 24761957 24762043 24762053 24762079 24789333
[3753] 24789726 24789739 24789747 24789749 24789755 24789827 24789846
[3760] 24789901 24789931 24790040 24790245 24790388 24790460 24790586
[3767] 24790624 24790652 24790877 24790921 24791021 24791027 24791029
[3774] 24791043 24791044 24791085 24791108 24791219 24791248 24791272
[3781] 24791278 24791440 24792504 24792615 24792784 24793139 24793222
[3788] 24793262 24793585 24794015 24794163 24816580 24816637 24816646
[3795] 24816814 24816911 24817139 24817414 24817513 24817582 24817618
[3802] 24818024 24818123 24818137 24818201 24818377 24818389 24818568
[3809] 24818878 24818940 24818953 24819113 24819184 24819475 24819692
[3816] 24819700 24819701 24819977 24820021 24891762 24891794 24891800
[3823] 24891894 24891910 24891914 24891921 24891957 24891969 24892000
[3830] 24892017 24892023 24892025 24892027 24892055 24892073 24892075
[3837] 24892077 24892090 24892110 24892116 24892118 24892154 24892157
[3844] 24892167 24892180 24892199 24892210 24892245 24892253 24892280
[3851] 24892411 24892413 24892427 24892429 24892493 24892527 24892534
[3858] 24892570 24892571 24892573 24892577 24892599 24892608 24892620
[3865] 24892629 24892636 24892638 24892642 24892653 24892677 24892689
[3872] 24892701 24978573 24978623 24978630 24978827 24978959 24979080
[3879] 24979183 24979204 24979309 24979352 24979370 24979445 24979581
[3886] 24979627 24979648 24979681 24979685 24979965 24979975 24980059
[3893] 24980136 24980219 24980285 24980314 24980351 24980420 24980507
[3900] 24980516 24980571 24980821 24980863 24981050 24981073 24981103
[3907] 24981243 24981266 24981299 24981309 24981334 24981344 24981446
[3914] 24981595 24981798 24981827 24981921 24982027 24982112 24982197
[3921] 24982416 24982438 24982454 24982541 24982632 24982696 24982874
[3928] 24983194 25237242 25237304 45105555 46372179 46498053 54679928
[3935] 54685843 56642840 56642874 56642875 56642931 56642953 135400342
[3942] 135400897 135403109 135403131 135403159 135403586 135403646 135404087
[3949] 135406743 135406884 135411599 135411608 135411862 135412516 135413013
[3956] 135415440 135415489 135415493 135416134 135419079 135419200 135420009
[3963] 135425009 135425024 135425063 135426090 135426222 135432711 135433188
[3970] 135433250 135433282 135433306 135433514 135437604 135438770 135439741
[3977] 135439746 135439753 135439754 135443067 135443092 135444062 135448818
[3984] 135449568 135450680 135455077 135455079 135455096 135455117 135455144
[3991] 135457059 135459073 135460483 135460590 135460607 135461291 135464584
[3998] 135468566 135470907 135472225 135472512 135472652 135472731 135472749
[4005] 135472759 135472780 135472782 135472793 135472794 135472859 135472875
[4012] 135473059 135476826 135479086 135479753 135479847 135488452 135490253
[4019] 135490259 135490320 135490322 135497930 135497934 135498011 135501733
[4026] 135501760 135510930 135510936 135510955 135510999 135512248 135512316
[4033] 135512338 135512418 135512438 135513626 135517033 135517105 135519987
[4040] 135521469 135521600 135531709 135533700 135554384 135558504 135573149
[4047] 135578967 135604370 135607195 135614387 135614584 135617006 135630489
[4054] 135635745 135650632 135650671 135656315 135676292 135684269 135693596
[4061] 135801425 135816301 135829855
>
>
>
> cleanEx()
Error: connections left open:
h$value() (textConnection)
Execution halted
Flavor: r-devel-windows-ix86+x86_64