CRAN Package Check Results for Package rrtable

Last updated on 2019-03-14 00:46:55 CET.

Flavor Version Tinstall Tcheck Ttotal Status Flags
r-devel-linux-x86_64-debian-clang 0.1.0 8.34 101.23 109.57 OK
r-devel-linux-x86_64-debian-gcc 0.1.0 7.23 85.62 92.85 OK
r-devel-linux-x86_64-fedora-clang 0.1.0 118.96 OK
r-devel-linux-x86_64-fedora-gcc 0.1.0 100.85 OK
r-devel-windows-ix86+x86_64 0.1.0 22.00 122.00 144.00 OK
r-patched-linux-x86_64 0.1.0 5.97 101.59 107.56 OK
r-patched-solaris-x86 0.1.0 153.90 WARN
r-release-linux-x86_64 OK
r-release-windows-ix86+x86_64 0.1.0 25.00 108.00 133.00 OK
r-release-osx-x86_64 0.1.0 WARN
r-oldrel-windows-ix86+x86_64 0.1.0 27.00 112.00 139.00 OK
r-oldrel-osx-x86_64 0.1.0 WARN

Check Details

Version: 0.1.0
Check: re-building of vignette outputs
Result: WARN
    Error in re-building vignettes:
     ...
    Warning in engine$weave(file, quiet = quiet, encoding = enc) :
     Pandoc (>= 1.12.3) and/or pandoc-citeproc not available. Falling back to R Markdown v1.
    Loading required package: moonBook
    Loading required package: ztable
    Welcome to package ztable ver 0.2.0
    Loading required package: rrtable
    
    Attaching package: 'rrtable'
    
    The following object is masked from 'package:ztable':
    
     roundDf
    
    Loading required package: ggplot2
    Quitting from lines 68-69 (rrtable.Rmd)
    Error: processing vignette 'rrtable.Rmd' failed with diagnostics:
    `render_flextable` needs to be used as a renderer for a knitr/rmarkdown R code chunk (render by rmarkdown)
    Execution halted
Flavors: r-patched-solaris-x86, r-release-osx-x86_64, r-oldrel-osx-x86_64