Last updated on 2019-03-14 00:46:55 CET.
Flavor | Version | Tinstall | Tcheck | Ttotal | Status | Flags |
---|---|---|---|---|---|---|
r-devel-linux-x86_64-debian-clang | 0.3.9200 | 1.92 | 23.66 | 25.58 | NOTE | |
r-devel-linux-x86_64-debian-gcc | 0.3.9200 | 1.79 | 20.78 | 22.57 | NOTE | |
r-devel-linux-x86_64-fedora-clang | 0.3.9200 | 34.87 | NOTE | |||
r-devel-linux-x86_64-fedora-gcc | 0.3.9200 | 32.90 | NOTE | |||
r-devel-windows-ix86+x86_64 | 0.3.9200 | 8.00 | 47.00 | 55.00 | NOTE | |
r-patched-linux-x86_64 | 0.3.9200 | 1.09 | 21.35 | 22.44 | NOTE | |
r-patched-solaris-x86 | 0.3.9200 | 47.10 | NOTE | |||
r-release-linux-x86_64 | NOTE | |||||
r-release-windows-ix86+x86_64 | 0.3.9200 | 6.00 | 47.00 | 53.00 | NOTE | |
r-release-osx-x86_64 | 0.3.9200 | NOTE | ||||
r-oldrel-windows-ix86+x86_64 | 0.3.9200 | 5.00 | 39.00 | 44.00 | NOTE | |
r-oldrel-osx-x86_64 | 0.3.9200 | NOTE |
Version: 0.3.9200
Check: R code for possible problems
Result: NOTE
stripslash: no visible global function definition for 'tail'
Undefined global functions or variables:
tail
Consider adding
importFrom("utils", "tail")
to your NAMESPACE file.
Flavors: r-devel-linux-x86_64-debian-clang, r-devel-linux-x86_64-debian-gcc, r-devel-linux-x86_64-fedora-clang, r-devel-linux-x86_64-fedora-gcc, r-devel-windows-ix86+x86_64, r-patched-linux-x86_64, r-patched-solaris-x86, r-release-linux-x86_64, r-release-windows-ix86+x86_64, r-release-osx-x86_64, r-oldrel-windows-ix86+x86_64, r-oldrel-osx-x86_64
Version: 0.3.9200
Check: package dependencies
Result: NOTE
Package suggested but not available for checking: ‘rgdal’
Flavor: r-oldrel-osx-x86_64