CRAN Package Check Results for Package sampling

Last updated on 2019-03-14 00:46:56 CET.

Flavor Version Tinstall Tcheck Ttotal Status Flags
r-devel-linux-x86_64-debian-clang 2.8 5.81 89.99 95.80 OK
r-devel-linux-x86_64-debian-gcc 2.8 5.27 67.33 72.60 OK
r-devel-linux-x86_64-fedora-clang 2.8 113.17 NOTE
r-devel-linux-x86_64-fedora-gcc 2.8 112.83 NOTE
r-devel-windows-ix86+x86_64 2.8 20.00 157.00 177.00 OK
r-patched-linux-x86_64 2.8 5.02 86.06 91.08 OK
r-patched-solaris-x86 2.8 180.70 OK
r-release-linux-x86_64 OK
r-release-windows-ix86+x86_64 2.8 18.00 141.00 159.00 OK
r-release-osx-x86_64 2.8 OK
r-oldrel-windows-ix86+x86_64 2.8 11.00 156.00 167.00 OK
r-oldrel-osx-x86_64 2.8 OK

Check Details

Version: 2.8
Check: compiled code
Result: NOTE
    File ‘sampling/libs/sampling.so’:
     Found no calls to: ‘R_registerRoutines’, ‘R_useDynamicSymbols’
    
    It is good practice to register native routines and to disable symbol
    search.
    
    See ‘Writing portable packages’ in the ‘Writing R Extensions’ manual.
Flavors: r-devel-linux-x86_64-fedora-clang, r-devel-linux-x86_64-fedora-gcc