CRAN Package Check Results for Package sapa

Last updated on 2019-03-14 00:46:56 CET.

Flavor Version Tinstall Tcheck Ttotal Status Flags
r-devel-linux-x86_64-debian-clang 2.0-2 3.95 30.38 34.33 OK
r-devel-linux-x86_64-debian-gcc 2.0-2 2.90 24.43 27.33 OK
r-devel-linux-x86_64-fedora-clang 2.0-2 41.06 NOTE
r-devel-linux-x86_64-fedora-gcc 2.0-2 38.49 NOTE
r-devel-windows-ix86+x86_64 2.0-2 14.00 69.00 83.00 OK
r-patched-linux-x86_64 2.0-2 2.99 29.15 32.14 OK
r-patched-solaris-x86 2.0-2 59.10 OK
r-release-linux-x86_64 OK
r-release-windows-ix86+x86_64 2.0-2 11.00 64.00 75.00 OK
r-release-osx-x86_64 2.0-2 OK
r-oldrel-windows-ix86+x86_64 2.0-2 10.00 47.00 57.00 OK
r-oldrel-osx-x86_64 2.0-2 OK

Check Details

Version: 2.0-2
Check: compiled code
Result: NOTE
    File ‘sapa/libs/sapa.so’:
     Found no calls to: ‘R_registerRoutines’, ‘R_useDynamicSymbols’
    
    It is good practice to register native routines and to disable symbol
    search.
    
    See ‘Writing portable packages’ in the ‘Writing R Extensions’ manual.
Flavors: r-devel-linux-x86_64-fedora-clang, r-devel-linux-x86_64-fedora-gcc