Last updated on 2019-03-14 00:46:56 CET.
Flavor | Version | Tinstall | Tcheck | Ttotal | Status | Flags |
---|---|---|---|---|---|---|
r-devel-linux-x86_64-debian-clang | 1.0 | 3.13 | 25.32 | 28.45 | OK | |
r-devel-linux-x86_64-debian-gcc | 1.0 | 2.85 | 20.68 | 23.53 | OK | |
r-devel-linux-x86_64-fedora-clang | 1.0 | 35.94 | OK | |||
r-devel-linux-x86_64-fedora-gcc | 1.0 | 34.82 | OK | |||
r-devel-windows-ix86+x86_64 | 1.0 | 15.00 | 68.00 | 83.00 | OK | |
r-patched-linux-x86_64 | 1.0 | 2.06 | 22.69 | 24.75 | OK | |
r-patched-solaris-x86 | 1.0 | 52.70 | OK | |||
r-release-linux-x86_64 | OK | |||||
r-release-windows-ix86+x86_64 | 1.0 | 9.00 | 77.00 | 86.00 | OK | |
r-release-osx-x86_64 | 1.0 | ERROR | ||||
r-oldrel-windows-ix86+x86_64 | 1.0 | 7.00 | 65.00 | 72.00 | OK | |
r-oldrel-osx-x86_64 | 1.0 | OK |
Version: 1.0
Check: package dependencies
Result: ERROR
Package required but not available: ‘rpanel’
See section ‘The DESCRIPTION file’ in the ‘Writing R Extensions’
manual.
Flavor: r-release-osx-x86_64