Last updated on 2019-03-14 00:46:56 CET.
Flavor | Version | Tinstall | Tcheck | Ttotal | Status | Flags |
---|---|---|---|---|---|---|
r-devel-linux-x86_64-debian-clang | 0.3.7 | 4.72 | 39.30 | 44.02 | WARN | |
r-devel-linux-x86_64-debian-gcc | 0.3.7 | 3.63 | 31.76 | 35.39 | OK | |
r-devel-linux-x86_64-fedora-clang | 0.3.7 | 53.21 | OK | |||
r-devel-linux-x86_64-fedora-gcc | 0.3.7 | 50.09 | OK | |||
r-devel-windows-ix86+x86_64 | 0.3.7 | 12.00 | 76.00 | 88.00 | OK | |
r-patched-linux-x86_64 | 0.3.7 | 3.85 | 36.96 | 40.81 | OK | |
r-patched-solaris-x86 | 0.3.7 | 75.40 | OK | |||
r-release-linux-x86_64 | OK | |||||
r-release-windows-ix86+x86_64 | 0.3.7 | 11.00 | 56.00 | 67.00 | OK | |
r-release-osx-x86_64 | 0.3.7 | OK | ||||
r-oldrel-windows-ix86+x86_64 | 0.3.7 | 9.00 | 50.00 | 59.00 | OK | |
r-oldrel-osx-x86_64 | 0.3.7 | OK |
Version: 0.3.7
Check: whether package can be installed
Result: WARN
Found the following significant warnings:
Warning: unable to re-encode 'commandContextsDoc.R' line 18
Warning: unable to re-encode 'elementStateDoc.R' lines 61, 62, 63, 64
Flavor: r-devel-linux-x86_64-debian-clang