CRAN Package Check Results for Package semver

Last updated on 2019-03-14 00:46:56 CET.

Flavor Version Tinstall Tcheck Ttotal Status Flags
r-devel-linux-x86_64-debian-clang 0.2.0 20.30 27.29 47.59 OK
r-devel-linux-x86_64-debian-gcc 0.2.0 16.14 22.20 38.34 OK
r-devel-linux-x86_64-fedora-clang 0.2.0 72.60 NOTE
r-devel-linux-x86_64-fedora-gcc 0.2.0 63.84 NOTE
r-devel-windows-ix86+x86_64 0.2.0 73.00 79.00 152.00 OK
r-patched-linux-x86_64 0.2.0 19.82 25.76 45.58 OK
r-patched-solaris-x86 0.2.0 79.70 OK
r-release-linux-x86_64 OK
r-release-windows-ix86+x86_64 0.2.0 67.00 59.00 126.00 OK
r-release-osx-x86_64 0.2.0 OK
r-oldrel-windows-ix86+x86_64 0.2.0 65.00 51.00 116.00 OK
r-oldrel-osx-x86_64 0.2.0 OK

Check Details

Version: 0.2.0
Check: compiled code
Result: NOTE
    File ‘semver/libs/semver.so’:
     Found no calls to: ‘R_registerRoutines’, ‘R_useDynamicSymbols’
    
    It is good practice to register native routines and to disable symbol
    search.
    
    See ‘Writing portable packages’ in the ‘Writing R Extensions’ manual.
Flavors: r-devel-linux-x86_64-fedora-clang, r-devel-linux-x86_64-fedora-gcc