CRAN Package Check Results for Package sglOptim

Last updated on 2019-03-14 00:46:56 CET.

Flavor Version Tinstall Tcheck Ttotal Status Flags
r-devel-linux-x86_64-debian-clang 1.3.7 70.78 64.58 135.36 OK
r-devel-linux-x86_64-debian-gcc 1.3.7 44.54 52.18 96.72 OK
r-devel-linux-x86_64-fedora-clang 1.3.7 191.95 OK
r-devel-linux-x86_64-fedora-gcc 1.3.7 149.15 OK
r-devel-windows-ix86+x86_64 1.3.7 140.00 141.00 281.00 OK
r-patched-linux-x86_64 1.3.7 47.40 60.88 108.28 OK
r-patched-solaris-x86 1.3.7 189.60 OK
r-release-linux-x86_64 OK
r-release-windows-ix86+x86_64 1.3.7 137.00 117.00 254.00 OK
r-release-osx-x86_64 1.3.7 NOTE
r-oldrel-windows-ix86+x86_64 1.3.7 132.00 99.00 231.00 OK
r-oldrel-osx-x86_64 1.3.7 NOTE

Additional issues

rchk

Check Details

Version: 1.3.7
Check: installed package size
Result: NOTE
     installed size is 10.4Mb
     sub-directories of 1Mb or more:
     libs 9.6Mb
Flavors: r-release-osx-x86_64, r-oldrel-osx-x86_64