Last updated on 2019-03-14 00:46:57 CET.
Flavor | Version | Tinstall | Tcheck | Ttotal | Status | Flags |
---|---|---|---|---|---|---|
r-devel-linux-x86_64-debian-clang | 1.3 | 2.27 | 21.91 | 24.18 | NOTE | |
r-devel-linux-x86_64-debian-gcc | 1.3 | 1.78 | 17.84 | 19.62 | NOTE | |
r-devel-linux-x86_64-fedora-clang | 1.3 | 29.80 | NOTE | |||
r-devel-linux-x86_64-fedora-gcc | 1.3 | 28.38 | NOTE | |||
r-devel-windows-ix86+x86_64 | 1.3 | 6.00 | 47.00 | 53.00 | NOTE | |
r-patched-linux-x86_64 | 1.3 | 1.67 | 19.88 | 21.55 | NOTE | |
r-patched-solaris-x86 | 1.3 | 43.00 | NOTE | |||
r-release-linux-x86_64 | NOTE | |||||
r-release-windows-ix86+x86_64 | 1.3 | 4.00 | 46.00 | 50.00 | NOTE | |
r-release-osx-x86_64 | 1.3 | NOTE | ||||
r-oldrel-windows-ix86+x86_64 | 1.3 | 5.00 | 40.00 | 45.00 | NOTE | |
r-oldrel-osx-x86_64 | 1.3 | NOTE |
Version: 1.3
Check: R code for possible problems
Result: NOTE
amse: no visible global function definition for 'na.omit'
arb: no visible global function definition for 'na.omit'
rdatagen: no visible global function definition for 'qnorm'
rdatagen: no visible global function definition for 'pbinom'
rdatagen: no visible global function definition for 'pnorm'
Undefined global functions or variables:
na.omit pbinom pnorm qnorm
Consider adding
importFrom("stats", "na.omit", "pbinom", "pnorm", "qnorm")
to your NAMESPACE file.
Flavors: r-devel-linux-x86_64-debian-clang, r-devel-linux-x86_64-debian-gcc, r-devel-linux-x86_64-fedora-clang, r-devel-linux-x86_64-fedora-gcc, r-devel-windows-ix86+x86_64, r-patched-linux-x86_64, r-patched-solaris-x86, r-release-linux-x86_64, r-release-windows-ix86+x86_64, r-release-osx-x86_64, r-oldrel-windows-ix86+x86_64, r-oldrel-osx-x86_64