CRAN Package Check Results for Package sigQC

Last updated on 2019-03-14 00:46:57 CET.

Flavor Version Tinstall Tcheck Ttotal Status Flags
r-devel-linux-x86_64-debian-clang 0.1.21 5.15 39.75 44.90 OK
r-devel-linux-x86_64-debian-gcc 0.1.21 4.83 30.81 35.64 OK
r-devel-linux-x86_64-fedora-clang 0.1.21 55.72 NOTE
r-devel-linux-x86_64-fedora-gcc 0.1.21 51.53 NOTE
r-devel-windows-ix86+x86_64 0.1.21 9.00 54.00 63.00 OK
r-patched-linux-x86_64 0.1.21 5.42 37.73 43.15 OK
r-patched-solaris-x86 0.1.21 71.30 NOTE
r-release-linux-x86_64 OK
r-release-windows-ix86+x86_64 0.1.21 9.00 73.00 82.00 OK
r-release-osx-x86_64 0.1.21 NOTE
r-oldrel-windows-ix86+x86_64 0.1.21 8.00 49.00 57.00 OK
r-oldrel-osx-x86_64 0.1.21 NOTE

Check Details

Version: 0.1.21
Check: dependencies in R code
Result: NOTE
    Namespaces in Imports field not imported from:
     ‘KernSmooth’ ‘MASS’ ‘class’ ‘cluster’ ‘lattice’ ‘nnet’
     All declared Imports should be used.
Flavors: r-devel-linux-x86_64-fedora-clang, r-devel-linux-x86_64-fedora-gcc, r-patched-solaris-x86, r-release-osx-x86_64, r-oldrel-osx-x86_64